[INFO] fetching crate endian 0.1.3...
[INFO] checking endian-0.1.3 against master#af3c6e733a40e671550e0f0f5aeecaa13772ba56 for pr-74989
[INFO] extracting crate endian 0.1.3 into /workspace/builds/worker-13/source
[INFO] validating manifest of crates.io crate endian 0.1.3 on toolchain af3c6e733a40e671550e0f0f5aeecaa13772ba56
[INFO] running `Command { std: "/workspace/cargo-home/bin/cargo" "+af3c6e733a40e671550e0f0f5aeecaa13772ba56" "read-manifest" "--manifest-path" "Cargo.toml", kill_on_drop: false }`
[INFO] started tweaking crates.io crate endian 0.1.3
[INFO] finished tweaking crates.io crate endian 0.1.3
[INFO] tweaked toml for crates.io crate endian 0.1.3 written to /workspace/builds/worker-13/source/Cargo.toml
[INFO] running `Command { std: "/workspace/cargo-home/bin/cargo" "+af3c6e733a40e671550e0f0f5aeecaa13772ba56" "generate-lockfile" "--manifest-path" "Cargo.toml" "-Zno-index-update", kill_on_drop: false }`
[INFO] running `Command { std: "/workspace/cargo-home/bin/cargo" "+af3c6e733a40e671550e0f0f5aeecaa13772ba56" "fetch" "--locked" "--manifest-path" "Cargo.toml", kill_on_drop: false }`
[INFO] running `Command { std: "docker" "create" "-v" "/var/lib/crater-agent-workspace/builds/worker-13/target:/opt/rustwide/target:rw,Z" "-v" "/var/lib/crater-agent-workspace/builds/worker-13/source:/opt/rustwide/workdir:ro,Z" "-v" "/var/lib/crater-agent-workspace/cargo-home:/opt/rustwide/cargo-home:ro,Z" "-v" "/var/lib/crater-agent-workspace/rustup-home:/opt/rustwide/rustup-home:ro,Z" "-e" "SOURCE_DIR=/opt/rustwide/workdir" "-e" "CARGO_TARGET_DIR=/opt/rustwide/target" "-e" "CARGO_HOME=/opt/rustwide/cargo-home" "-e" "RUSTUP_HOME=/opt/rustwide/rustup-home" "-w" "/opt/rustwide/workdir" "-m" "1610612736" "--user" "0:0" "--network" "none" "rustops/crates-build-env@sha256:d92eaeed33fa75130ca1ee6c8a01d1ffb62bac859dfdfb3450e3e5d1c0146529" "/opt/rustwide/cargo-home/bin/cargo" "+af3c6e733a40e671550e0f0f5aeecaa13772ba56" "metadata" "--no-deps" "--format-version=1", kill_on_drop: false }`
[INFO] [stdout] f125fe084afcb465ac0606bc6581bf0227af3132be7423146ce12fb2d24b240d
[INFO] [stderr] WARNING: Your kernel does not support swap limit capabilities or the cgroup is not mounted. Memory limited without swap.
[INFO] running `Command { std: "docker" "start" "-a" "f125fe084afcb465ac0606bc6581bf0227af3132be7423146ce12fb2d24b240d", kill_on_drop: false }`
[INFO] running `Command { std: "docker" "inspect" "f125fe084afcb465ac0606bc6581bf0227af3132be7423146ce12fb2d24b240d", kill_on_drop: false }`
[INFO] running `Command { std: "docker" "rm" "-f" "f125fe084afcb465ac0606bc6581bf0227af3132be7423146ce12fb2d24b240d", kill_on_drop: false }`
[INFO] [stdout] f125fe084afcb465ac0606bc6581bf0227af3132be7423146ce12fb2d24b240d
[INFO] running `Command { std: "docker" "create" "-v" "/var/lib/crater-agent-workspace/builds/worker-13/target:/opt/rustwide/target:rw,Z" "-v" "/var/lib/crater-agent-workspace/builds/worker-13/source:/opt/rustwide/workdir:ro,Z" "-v" "/var/lib/crater-agent-workspace/cargo-home:/opt/rustwide/cargo-home:ro,Z" "-v" "/var/lib/crater-agent-workspace/rustup-home:/opt/rustwide/rustup-home:ro,Z" "-e" "SOURCE_DIR=/opt/rustwide/workdir" "-e" "CARGO_TARGET_DIR=/opt/rustwide/target" "-e" "CARGO_INCREMENTAL=0" "-e" "RUST_BACKTRACE=full" "-e" "RUSTFLAGS=--cap-lints=forbid" "-e" "CARGO_HOME=/opt/rustwide/cargo-home" "-e" "RUSTUP_HOME=/opt/rustwide/rustup-home" "-w" "/opt/rustwide/workdir" "-m" "1610612736" "--user" "0:0" "--network" "none" "rustops/crates-build-env@sha256:d92eaeed33fa75130ca1ee6c8a01d1ffb62bac859dfdfb3450e3e5d1c0146529" "/opt/rustwide/cargo-home/bin/cargo" "+af3c6e733a40e671550e0f0f5aeecaa13772ba56" "check" "--frozen" "--all" "--all-targets" "--message-format=json", kill_on_drop: false }`
[INFO] [stdout] 1a942ca46c6d721d10ca334b85e74f6dcf412e846e604209bd94b619d00d8905
[INFO] [stderr] WARNING: Your kernel does not support swap limit capabilities or the cgroup is not mounted. Memory limited without swap.
[INFO] running `Command { std: "docker" "start" "-a" "1a942ca46c6d721d10ca334b85e74f6dcf412e846e604209bd94b619d00d8905", kill_on_drop: false }`
[INFO] [stderr]     Checking bswap v1.0.0
[INFO] [stderr]     Checking endian v0.1.3 (/opt/rustwide/workdir)
[INFO] [stdout] error[E0061]: this function takes 2 arguments but 3 arguments were supplied
[INFO] [stdout]    --> src/lib.rs:32:32
[INFO] [stdout]     |
[INFO] [stdout] 32  |                     return Err(io::Error::new(
[INFO] [stdout]     |                                ^^^^^^^^^^^^^^ expected 2 arguments
[INFO] [stdout] 33  |                             io::ErrorKind::WriteZero,
[INFO] [stdout]     |                             ------------------------
[INFO] [stdout] 34  |                             concat!("output buffer length must be exactly ", $sbytes, " bytes"),
[INFO] [stdout]     |                             -------------------------------------------------------------------
[INFO] [stdout] 35  |                             None));
[INFO] [stdout]     |                             ---- supplied 3 arguments
[INFO] [stdout] ...
[INFO] [stdout] 220 | endian_impls!(u16, beu16, leu16, 2, "2");
[INFO] [stdout]     | ----------------------------------------- in this macro invocation
[INFO] [stdout]     |
[INFO] [stdout]     = note: this error originates in a macro (in Nightly builds, run with -Z macro-backtrace for more info)
[INFO] [stdout] 
[INFO] [stdout] 
[INFO] [stdout] error[E0061]: this function takes 2 arguments but 3 arguments were supplied
[INFO] [stdout]    --> src/lib.rs:32:32
[INFO] [stdout]     |
[INFO] [stdout] 32  |                     return Err(io::Error::new(
[INFO] [stdout]     |                                ^^^^^^^^^^^^^^ expected 2 arguments
[INFO] [stdout] 33  |                             io::ErrorKind::WriteZero,
[INFO] [stdout]     |                             ------------------------
[INFO] [stdout] 34  |                             concat!("output buffer length must be exactly ", $sbytes, " bytes"),
[INFO] [stdout]     |                             -------------------------------------------------------------------
[INFO] [stdout] 35  |                             None));
[INFO] [stdout]     |                             ---- supplied 3 arguments
[INFO] [stdout] ...
[INFO] [stdout] 221 | endian_impls!(u32, beu32, leu32, 4, "4");
[INFO] [stdout]     | ----------------------------------------- in this macro invocation
[INFO] [stdout]     |
[INFO] [stdout]     = note: this error originates in a macro (in Nightly builds, run with -Z macro-backtrace for more info)
[INFO] [stdout] 
[INFO] [stdout] 
[INFO] [stdout] error[E0061]: this function takes 2 arguments but 3 arguments were supplied
[INFO] [stdout]    --> src/lib.rs:32:32
[INFO] [stdout]     |
[INFO] [stdout] 32  |                     return Err(io::Error::new(
[INFO] [stdout]     |                                ^^^^^^^^^^^^^^ expected 2 arguments
[INFO] [stdout] 33  |                             io::ErrorKind::WriteZero,
[INFO] [stdout]     |                             ------------------------
[INFO] [stdout] 34  |                             concat!("output buffer length must be exactly ", $sbytes, " bytes"),
[INFO] [stdout]     |                             -------------------------------------------------------------------
[INFO] [stdout] 35  |                             None));
[INFO] [stdout]     |                             ---- supplied 3 arguments
[INFO] [stdout] ...
[INFO] [stdout] 222 | endian_impls!(u64, beu64, leu64, 8, "8");
[INFO] [stdout]     | ----------------------------------------- in this macro invocation
[INFO] [stdout]     |
[INFO] [stdout]     = note: this error originates in a macro (in Nightly builds, run with -Z macro-backtrace for more info)
[INFO] [stdout] 
[INFO] [stdout] 
[INFO] [stdout] error[E0061]: this function takes 2 arguments but 3 arguments were supplied
[INFO] [stdout]    --> src/lib.rs:42:32
[INFO] [stdout]     |
[INFO] [stdout] 42  |                     return Err(io::Error::new(
[INFO] [stdout]     |                                ^^^^^^^^^^^^^^ expected 2 arguments
[INFO] [stdout] 43  |                             io::ErrorKind::WriteZero,
[INFO] [stdout]     |                             ------------------------
[INFO] [stdout] 44  |                             concat!("output buffer length must be exactly ", $sbytes, " bytes"),
[INFO] [stdout]     |                             -------------------------------------------------------------------
[INFO] [stdout] 45  |                             None));
[INFO] [stdout]     |                             ---- supplied 3 arguments
[INFO] [stdout] ...
[INFO] [stdout] 220 | endian_impls!(u16, beu16, leu16, 2, "2");
[INFO] [stdout]     | ----------------------------------------- in this macro invocation
[INFO] [stdout]     |
[INFO] [stdout]     = note: this error originates in a macro (in Nightly builds, run with -Z macro-backtrace for more info)
[INFO] [stdout] 
[INFO] [stdout] 
[INFO] [stdout] error[E0061]: this function takes 2 arguments but 3 arguments were supplied
[INFO] [stdout]    --> src/lib.rs:42:32
[INFO] [stdout]     |
[INFO] [stdout] 42  |                     return Err(io::Error::new(
[INFO] [stdout]     |                                ^^^^^^^^^^^^^^ expected 2 arguments
[INFO] [stdout] 43  |                             io::ErrorKind::WriteZero,
[INFO] [stdout]     |                             ------------------------
[INFO] [stdout] 44  |                             concat!("output buffer length must be exactly ", $sbytes, " bytes"),
[INFO] [stdout]     |                             -------------------------------------------------------------------
[INFO] [stdout] 45  |                             None));
[INFO] [stdout]     |                             ---- supplied 3 arguments
[INFO] [stdout] ...
[INFO] [stdout] 221 | endian_impls!(u32, beu32, leu32, 4, "4");
[INFO] [stdout]     | ----------------------------------------- in this macro invocation
[INFO] [stdout]     |
[INFO] [stdout]     = note: this error originates in a macro (in Nightly builds, run with -Z macro-backtrace for more info)
[INFO] [stdout] 
[INFO] [stdout] 
[INFO] [stdout] error[E0061]: this function takes 2 arguments but 3 arguments were supplied
[INFO] [stdout]    --> src/lib.rs:42:32
[INFO] [stdout]     |
[INFO] [stdout] 42  |                     return Err(io::Error::new(
[INFO] [stdout]     |                                ^^^^^^^^^^^^^^ expected 2 arguments
[INFO] [stdout] 43  |                             io::ErrorKind::WriteZero,
[INFO] [stdout]     |                             ------------------------
[INFO] [stdout] 44  |                             concat!("output buffer length must be exactly ", $sbytes, " bytes"),
[INFO] [stdout]     |                             -------------------------------------------------------------------
[INFO] [stdout] 45  |                             None));
[INFO] [stdout]     |                             ---- supplied 3 arguments
[INFO] [stdout] ...
[INFO] [stdout] 222 | endian_impls!(u64, beu64, leu64, 8, "8");
[INFO] [stdout]     | ----------------------------------------- in this macro invocation
[INFO] [stdout]     |
[INFO] [stdout]     = note: this error originates in a macro (in Nightly builds, run with -Z macro-backtrace for more info)
[INFO] [stdout] 
[INFO] [stdout] 
[INFO] [stdout] error[E0061]: this function takes 2 arguments but 3 arguments were supplied
[INFO] [stdout]    --> src/lib.rs:55:32
[INFO] [stdout]     |
[INFO] [stdout] 55  |                     return Err(io::Error::new(
[INFO] [stdout]     |                                ^^^^^^^^^^^^^^ expected 2 arguments
[INFO] [stdout] 56  |                             io::ErrorKind::WriteZero,
[INFO] [stdout]     |                             ------------------------
[INFO] [stdout] 57  |                             concat!("output buffer length must be a multiple of ", $sbytes, " bytes"),
[INFO] [stdout]     |                             -------------------------------------------------------------------------
[INFO] [stdout] 58  |                             None));
[INFO] [stdout]     |                             ---- supplied 3 arguments
[INFO] [stdout] ...
[INFO] [stdout] 220 | endian_impls!(u16, beu16, leu16, 2, "2");
[INFO] [stdout]     | ----------------------------------------- in this macro invocation
[INFO] [stdout]     |
[INFO] [stdout]     = note: this error originates in a macro (in Nightly builds, run with -Z macro-backtrace for more info)
[INFO] [stdout] 
[INFO] [stdout] 
[INFO] [stdout] error[E0061]: this function takes 2 arguments but 3 arguments were supplied
[INFO] [stdout]    --> src/lib.rs:61:32
[INFO] [stdout]     |
[INFO] [stdout] 61  |                     return Err(io::Error::new(
[INFO] [stdout]     |                                ^^^^^^^^^^^^^^ expected 2 arguments
[INFO] [stdout] 62  |                             io::ErrorKind::InvalidInput,
[INFO] [stdout]     |                             ---------------------------
[INFO] [stdout] 63  |                             "input buffer must have exactly the same length as the output buffer",
[INFO] [stdout]     |                             ---------------------------------------------------------------------
[INFO] [stdout] 64  |                             None));
[INFO] [stdout]     |                             ---- supplied 3 arguments
[INFO] [stdout] ...
[INFO] [stdout] 220 | endian_impls!(u16, beu16, leu16, 2, "2");
[INFO] [stdout]     | ----------------------------------------- in this macro invocation
[INFO] [stdout]     |
[INFO] [stdout]     = note: this error originates in a macro (in Nightly builds, run with -Z macro-backtrace for more info)
[INFO] [stdout] 
[INFO] [stdout] 
[INFO] [stdout] error[E0061]: this function takes 2 arguments but 3 arguments were supplied
[INFO] [stdout]    --> src/lib.rs:55:32
[INFO] [stdout]     |
[INFO] [stdout] 55  |                     return Err(io::Error::new(
[INFO] [stdout]     |                                ^^^^^^^^^^^^^^ expected 2 arguments
[INFO] [stdout] 56  |                             io::ErrorKind::WriteZero,
[INFO] [stdout]     |                             ------------------------
[INFO] [stdout] 57  |                             concat!("output buffer length must be a multiple of ", $sbytes, " bytes"),
[INFO] [stdout]     |                             -------------------------------------------------------------------------
[INFO] [stdout] 58  |                             None));
[INFO] [stdout]     |                             ---- supplied 3 arguments
[INFO] [stdout] ...
[INFO] [stdout] 221 | endian_impls!(u32, beu32, leu32, 4, "4");
[INFO] [stdout]     | ----------------------------------------- in this macro invocation
[INFO] [stdout]     |
[INFO] [stdout]     = note: this error originates in a macro (in Nightly builds, run with -Z macro-backtrace for more info)
[INFO] [stdout] 
[INFO] [stdout] 
[INFO] [stdout] error[E0061]: this function takes 2 arguments but 3 arguments were supplied
[INFO] [stdout]    --> src/lib.rs:61:32
[INFO] [stdout]     |
[INFO] [stdout] 61  |                     return Err(io::Error::new(
[INFO] [stdout]     |                                ^^^^^^^^^^^^^^ expected 2 arguments
[INFO] [stdout] 62  |                             io::ErrorKind::InvalidInput,
[INFO] [stdout]     |                             ---------------------------
[INFO] [stdout] 63  |                             "input buffer must have exactly the same length as the output buffer",
[INFO] [stdout]     |                             ---------------------------------------------------------------------
[INFO] [stdout] 64  |                             None));
[INFO] [stdout]     |                             ---- supplied 3 arguments
[INFO] [stdout] ...
[INFO] [stdout] 221 | endian_impls!(u32, beu32, leu32, 4, "4");
[INFO] [stdout]     | ----------------------------------------- in this macro invocation
[INFO] [stdout]     |
[INFO] [stdout]     = note: this error originates in a macro (in Nightly builds, run with -Z macro-backtrace for more info)
[INFO] [stdout] 
[INFO] [stdout] 
[INFO] [stdout] error[E0061]: this function takes 2 arguments but 3 arguments were supplied
[INFO] [stdout]    --> src/lib.rs:55:32
[INFO] [stdout]     |
[INFO] [stdout] 55  |                     return Err(io::Error::new(
[INFO] [stdout]     |                                ^^^^^^^^^^^^^^ expected 2 arguments
[INFO] [stdout] 56  |                             io::ErrorKind::WriteZero,
[INFO] [stdout]     |                             ------------------------
[INFO] [stdout] 57  |                             concat!("output buffer length must be a multiple of ", $sbytes, " bytes"),
[INFO] [stdout]     |                             -------------------------------------------------------------------------
[INFO] [stdout] 58  |                             None));
[INFO] [stdout]     |                             ---- supplied 3 arguments
[INFO] [stdout] ...
[INFO] [stdout] 222 | endian_impls!(u64, beu64, leu64, 8, "8");
[INFO] [stdout]     | ----------------------------------------- in this macro invocation
[INFO] [stdout]     |
[INFO] [stdout]     = note: this error originates in a macro (in Nightly builds, run with -Z macro-backtrace for more info)
[INFO] [stdout] 
[INFO] [stdout] 
[INFO] [stdout] error[E0061]: this function takes 2 arguments but 3 arguments were supplied
[INFO] [stdout]    --> src/lib.rs:61:32
[INFO] [stdout]     |
[INFO] [stdout] 61  |                     return Err(io::Error::new(
[INFO] [stdout]     |                                ^^^^^^^^^^^^^^ expected 2 arguments
[INFO] [stdout] 62  |                             io::ErrorKind::InvalidInput,
[INFO] [stdout]     |                             ---------------------------
[INFO] [stdout] 63  |                             "input buffer must have exactly the same length as the output buffer",
[INFO] [stdout]     |                             ---------------------------------------------------------------------
[INFO] [stdout] 64  |                             None));
[INFO] [stdout]     |                             ---- supplied 3 arguments
[INFO] [stdout] ...
[INFO] [stdout] 222 | endian_impls!(u64, beu64, leu64, 8, "8");
[INFO] [stdout]     | ----------------------------------------- in this macro invocation
[INFO] [stdout]     |
[INFO] [stdout]     = note: this error originates in a macro (in Nightly builds, run with -Z macro-backtrace for more info)
[INFO] [stdout] 
[INFO] [stdout] 
[INFO] [stdout] error[E0061]: this function takes 2 arguments but 3 arguments were supplied
[INFO] [stdout]    --> src/lib.rs:71:32
[INFO] [stdout]     |
[INFO] [stdout] 71  |                     return Err(io::Error::new(
[INFO] [stdout]     |                                ^^^^^^^^^^^^^^ expected 2 arguments
[INFO] [stdout] 72  |                             io::ErrorKind::WriteZero,
[INFO] [stdout]     |                             ------------------------
[INFO] [stdout] 73  |                             concat!("output buffer length must be a multiple of ", $sbytes, " bytes"),
[INFO] [stdout]     |                             -------------------------------------------------------------------------
[INFO] [stdout] 74  |                             None));
[INFO] [stdout]     |                             ---- supplied 3 arguments
[INFO] [stdout] ...
[INFO] [stdout] 220 | endian_impls!(u16, beu16, leu16, 2, "2");
[INFO] [stdout]     | ----------------------------------------- in this macro invocation
[INFO] [stdout]     |
[INFO] [stdout]     = note: this error originates in a macro (in Nightly builds, run with -Z macro-backtrace for more info)
[INFO] [stdout] 
[INFO] [stdout] 
[INFO] [stdout] error[E0061]: this function takes 2 arguments but 3 arguments were supplied
[INFO] [stdout]    --> src/lib.rs:77:32
[INFO] [stdout]     |
[INFO] [stdout] 77  |                     return Err(io::Error::new(
[INFO] [stdout]     |                                ^^^^^^^^^^^^^^ expected 2 arguments
[INFO] [stdout] 78  |                             io::ErrorKind::InvalidInput,
[INFO] [stdout]     |                             ---------------------------
[INFO] [stdout] 79  |                             "input buffer must have exactly the same length as the output buffer",
[INFO] [stdout]     |                             ---------------------------------------------------------------------
[INFO] [stdout] 80  |                             None));
[INFO] [stdout]     |                             ---- supplied 3 arguments
[INFO] [stdout] ...
[INFO] [stdout] 220 | endian_impls!(u16, beu16, leu16, 2, "2");
[INFO] [stdout]     | ----------------------------------------- in this macro invocation
[INFO] [stdout]     |
[INFO] [stdout]     = note: this error originates in a macro (in Nightly builds, run with -Z macro-backtrace for more info)
[INFO] [stdout] 
[INFO] [stdout] 
[INFO] [stdout] error[E0061]: this function takes 2 arguments but 3 arguments were supplied
[INFO] [stdout]    --> src/lib.rs:71:32
[INFO] [stdout]     |
[INFO] [stdout] 71  |                     return Err(io::Error::new(
[INFO] [stdout]     |                                ^^^^^^^^^^^^^^ expected 2 arguments
[INFO] [stdout] 72  |                             io::ErrorKind::WriteZero,
[INFO] [stdout]     |                             ------------------------
[INFO] [stdout] 73  |                             concat!("output buffer length must be a multiple of ", $sbytes, " bytes"),
[INFO] [stdout]     |                             -------------------------------------------------------------------------
[INFO] [stdout] 74  |                             None));
[INFO] [stdout]     |                             ---- supplied 3 arguments
[INFO] [stdout] ...
[INFO] [stdout] 221 | endian_impls!(u32, beu32, leu32, 4, "4");
[INFO] [stdout]     | ----------------------------------------- in this macro invocation
[INFO] [stdout]     |
[INFO] [stdout]     = note: this error originates in a macro (in Nightly builds, run with -Z macro-backtrace for more info)
[INFO] [stdout] 
[INFO] [stdout] 
[INFO] [stdout] error[E0061]: this function takes 2 arguments but 3 arguments were supplied
[INFO] [stdout]    --> src/lib.rs:32:32
[INFO] [stdout]     |
[INFO] [stdout] 32  |                     return Err(io::Error::new(
[INFO] [stdout]     |                                ^^^^^^^^^^^^^^ expected 2 arguments
[INFO] [stdout] 33  |                             io::ErrorKind::WriteZero,
[INFO] [stdout]     |                             ------------------------
[INFO] [stdout] 34  |                             concat!("output buffer length must be exactly ", $sbytes, " bytes"),
[INFO] [stdout]     |                             -------------------------------------------------------------------
[INFO] [stdout] 35  |                             None));
[INFO] [stdout]     |                             ---- supplied 3 arguments
[INFO] [stdout] ...
[INFO] [stdout] 220 | endian_impls!(u16, beu16, leu16, 2, "2");
[INFO] [stdout]     | ----------------------------------------- in this macro invocation
[INFO] [stdout]     |
[INFO] [stdout]     = note: this error originates in a macro (in Nightly builds, run with -Z macro-backtrace for more info)
[INFO] [stdout] 
[INFO] [stdout] 
[INFO] [stdout] error[E0061]: this function takes 2 arguments but 3 arguments were supplied
[INFO] [stdout]    --> src/lib.rs:77:32
[INFO] [stdout]     |
[INFO] [stdout] 77  |                     return Err(io::Error::new(
[INFO] [stdout]     |                                ^^^^^^^^^^^^^^ expected 2 arguments
[INFO] [stdout] 78  |                             io::ErrorKind::InvalidInput,
[INFO] [stdout]     |                             ---------------------------
[INFO] [stdout] 79  |                             "input buffer must have exactly the same length as the output buffer",
[INFO] [stdout]     |                             ---------------------------------------------------------------------
[INFO] [stdout] 80  |                             None));
[INFO] [stdout]     |                             ---- supplied 3 arguments
[INFO] [stdout] ...
[INFO] [stdout] 221 | endian_impls!(u32, beu32, leu32, 4, "4");
[INFO] [stdout]     | ----------------------------------------- in this macro invocation
[INFO] [stdout]     |
[INFO] [stdout]     = note: this error originates in a macro (in Nightly builds, run with -Z macro-backtrace for more info)
[INFO] [stdout] 
[INFO] [stdout] 
[INFO] [stdout] error[E0061]: this function takes 2 arguments but 3 arguments were supplied
[INFO] [stdout]    --> src/lib.rs:71:32
[INFO] [stdout]     |
[INFO] [stdout] 71  |                     return Err(io::Error::new(
[INFO] [stdout]     |                                ^^^^^^^^^^^^^^ expected 2 arguments
[INFO] [stdout] 72  |                             io::ErrorKind::WriteZero,
[INFO] [stdout]     |                             ------------------------
[INFO] [stdout] 73  |                             concat!("output buffer length must be a multiple of ", $sbytes, " bytes"),
[INFO] [stdout]     |                             -------------------------------------------------------------------------
[INFO] [stdout] 74  |                             None));
[INFO] [stdout]     |                             ---- supplied 3 arguments
[INFO] [stdout] ...
[INFO] [stdout] 222 | endian_impls!(u64, beu64, leu64, 8, "8");
[INFO] [stdout]     | ----------------------------------------- in this macro invocation
[INFO] [stdout]     |
[INFO] [stdout]     = note: this error originates in a macro (in Nightly builds, run with -Z macro-backtrace for more info)
[INFO] [stdout] 
[INFO] [stdout] 
[INFO] [stdout] error[E0061]: this function takes 2 arguments but 3 arguments were supplied
[INFO] [stdout]    --> src/lib.rs:77:32
[INFO] [stdout]     |
[INFO] [stdout] 77  |                     return Err(io::Error::new(
[INFO] [stdout]     |                                ^^^^^^^^^^^^^^ expected 2 arguments
[INFO] [stdout] 78  |                             io::ErrorKind::InvalidInput,
[INFO] [stdout]     |                             ---------------------------
[INFO] [stdout] 79  |                             "input buffer must have exactly the same length as the output buffer",
[INFO] [stdout]     |                             ---------------------------------------------------------------------
[INFO] [stdout] 80  |                             None));
[INFO] [stdout]     |                             ---- supplied 3 arguments
[INFO] [stdout] ...
[INFO] [stdout] 222 | endian_impls!(u64, beu64, leu64, 8, "8");
[INFO] [stdout]     | ----------------------------------------- in this macro invocation
[INFO] [stdout]     |
[INFO] [stdout]     = note: this error originates in a macro (in Nightly builds, run with -Z macro-backtrace for more info)
[INFO] [stdout] 
[INFO] [stdout] 
[INFO] [stdout] error[E0061]: this function takes 2 arguments but 3 arguments were supplied
[INFO] [stdout]    --> src/lib.rs:32:32
[INFO] [stdout]     |
[INFO] [stdout] 32  |                     return Err(io::Error::new(
[INFO] [stdout]     |                                ^^^^^^^^^^^^^^ expected 2 arguments
[INFO] [stdout] 33  |                             io::ErrorKind::WriteZero,
[INFO] [stdout]     |                             ------------------------
[INFO] [stdout] 34  |                             concat!("output buffer length must be exactly ", $sbytes, " bytes"),
[INFO] [stdout]     |                             -------------------------------------------------------------------
[INFO] [stdout] 35  |                             None));
[INFO] [stdout]     |                             ---- supplied 3 arguments
[INFO] [stdout] ...
[INFO] [stdout] 221 | endian_impls!(u32, beu32, leu32, 4, "4");
[INFO] [stdout]     | ----------------------------------------- in this macro invocation
[INFO] [stdout]     |
[INFO] [stdout]     = note: this error originates in a macro (in Nightly builds, run with -Z macro-backtrace for more info)
[INFO] [stdout] 
[INFO] [stdout] 
[INFO] [stdout] error[E0061]: this function takes 2 arguments but 3 arguments were supplied
[INFO] [stdout]    --> src/lib.rs:32:32
[INFO] [stdout]     |
[INFO] [stdout] 32  |                     return Err(io::Error::new(
[INFO] [stdout]     |                                ^^^^^^^^^^^^^^ expected 2 arguments
[INFO] [stdout] 33  |                             io::ErrorKind::WriteZero,
[INFO] [stdout]     |                             ------------------------
[INFO] [stdout] 34  |                             concat!("output buffer length must be exactly ", $sbytes, " bytes"),
[INFO] [stdout]     |                             -------------------------------------------------------------------
[INFO] [stdout] 35  |                             None));
[INFO] [stdout]     |                             ---- supplied 3 arguments
[INFO] [stdout] ...
[INFO] [stdout] 222 | endian_impls!(u64, beu64, leu64, 8, "8");
[INFO] [stdout]     | ----------------------------------------- in this macro invocation
[INFO] [stdout]     |
[INFO] [stdout]     = note: this error originates in a macro (in Nightly builds, run with -Z macro-backtrace for more info)
[INFO] [stdout] 
[INFO] [stdout] 
[INFO] [stdout] error[E0061]: this function takes 2 arguments but 3 arguments were supplied
[INFO] [stdout]    --> src/lib.rs:90:32
[INFO] [stdout]     |
[INFO] [stdout] 90  |                     return Err(io::Error::new(
[INFO] [stdout]     |                                ^^^^^^^^^^^^^^ expected 2 arguments
[INFO] [stdout] 91  |                             io::ErrorKind::WriteZero,
[INFO] [stdout]     |                             ------------------------
[INFO] [stdout] 92  |                             concat!("output buffer length must be a multiple of ", $sbytes, " bytes"),
[INFO] [stdout]     |                             -------------------------------------------------------------------------
[INFO] [stdout] 93  |                             None));
[INFO] [stdout]     |                             ---- supplied 3 arguments
[INFO] [stdout] ...
[INFO] [stdout] 220 | endian_impls!(u16, beu16, leu16, 2, "2");
[INFO] [stdout]     | ----------------------------------------- in this macro invocation
[INFO] [stdout]     |
[INFO] [stdout]     = note: this error originates in a macro (in Nightly builds, run with -Z macro-backtrace for more info)
[INFO] [stdout] 
[INFO] [stdout] 
[INFO] [stdout] error[E0061]: this function takes 2 arguments but 3 arguments were supplied
[INFO] [stdout]    --> src/lib.rs:96:32
[INFO] [stdout]     |
[INFO] [stdout] 96  |                     return Err(io::Error::new(
[INFO] [stdout]     |                                ^^^^^^^^^^^^^^ expected 2 arguments
[INFO] [stdout] 97  |                             io::ErrorKind::InvalidInput,
[INFO] [stdout]     |                             ---------------------------
[INFO] [stdout] 98  |                             "input buffer must have exactly the same length as the output buffer",
[INFO] [stdout]     |                             ---------------------------------------------------------------------
[INFO] [stdout] 99  |                             None));
[INFO] [stdout]     |                             ---- supplied 3 arguments
[INFO] [stdout] ...
[INFO] [stdout] 220 | endian_impls!(u16, beu16, leu16, 2, "2");
[INFO] [stdout]     | ----------------------------------------- in this macro invocation
[INFO] [stdout]     |
[INFO] [stdout]     = note: this error originates in a macro (in Nightly builds, run with -Z macro-backtrace for more info)
[INFO] [stdout] 
[INFO] [stdout] 
[INFO] [stdout] error[E0061]: this function takes 2 arguments but 3 arguments were supplied
[INFO] [stdout]    --> src/lib.rs:42:32
[INFO] [stdout]     |
[INFO] [stdout] 42  |                     return Err(io::Error::new(
[INFO] [stdout]     |                                ^^^^^^^^^^^^^^ expected 2 arguments
[INFO] [stdout] 43  |                             io::ErrorKind::WriteZero,
[INFO] [stdout]     |                             ------------------------
[INFO] [stdout] 44  |                             concat!("output buffer length must be exactly ", $sbytes, " bytes"),
[INFO] [stdout]     |                             -------------------------------------------------------------------
[INFO] [stdout] 45  |                             None));
[INFO] [stdout]     |                             ---- supplied 3 arguments
[INFO] [stdout] ...
[INFO] [stdout] 220 | endian_impls!(u16, beu16, leu16, 2, "2");
[INFO] [stdout]     | ----------------------------------------- in this macro invocation
[INFO] [stdout]     |
[INFO] [stdout]     = note: this error originates in a macro (in Nightly builds, run with -Z macro-backtrace for more info)
[INFO] [stdout] 
[INFO] [stdout] 
[INFO] [stdout] error[E0061]: this function takes 2 arguments but 3 arguments were supplied
[INFO] [stdout]    --> src/lib.rs:42:32
[INFO] [stdout]     |
[INFO] [stdout] 42  |                     return Err(io::Error::new(
[INFO] [stdout]     |                                ^^^^^^^^^^^^^^ expected 2 arguments
[INFO] [stdout] 43  |                             io::ErrorKind::WriteZero,
[INFO] [stdout]     |                             ------------------------
[INFO] [stdout] 44  |                             concat!("output buffer length must be exactly ", $sbytes, " bytes"),
[INFO] [stdout]     |                             -------------------------------------------------------------------
[INFO] [stdout] 45  |                             None));
[INFO] [stdout]     |                             ---- supplied 3 arguments
[INFO] [stdout] ...
[INFO] [stdout] 221 | endian_impls!(u32, beu32, leu32, 4, "4");
[INFO] [stdout]     | ----------------------------------------- in this macro invocation
[INFO] [stdout]     |
[INFO] [stdout]     = note: this error originates in a macro (in Nightly builds, run with -Z macro-backtrace for more info)
[INFO] [stdout] 
[INFO] [stdout] 
[INFO] [stdout] error[E0061]: this function takes 2 arguments but 3 arguments were supplied
[INFO] [stdout]    --> src/lib.rs:90:32
[INFO] [stdout]     |
[INFO] [stdout] 90  |                     return Err(io::Error::new(
[INFO] [stdout]     |                                ^^^^^^^^^^^^^^ expected 2 arguments
[INFO] [stdout] 91  |                             io::ErrorKind::WriteZero,
[INFO] [stdout]     |                             ------------------------
[INFO] [stdout] 92  |                             concat!("output buffer length must be a multiple of ", $sbytes, " bytes"),
[INFO] [stdout]     |                             -------------------------------------------------------------------------
[INFO] [stdout] 93  |                             None));
[INFO] [stdout]     |                             ---- supplied 3 arguments
[INFO] [stdout] ...
[INFO] [stdout] 221 | endian_impls!(u32, beu32, leu32, 4, "4");
[INFO] [stdout]     | ----------------------------------------- in this macro invocation
[INFO] [stdout]     |
[INFO] [stdout]     = note: this error originates in a macro (in Nightly builds, run with -Z macro-backtrace for more info)
[INFO] [stdout] 
[INFO] [stdout] 
[INFO] [stdout] error[E0061]: this function takes 2 arguments but 3 arguments were supplied
[INFO] [stdout]    --> src/lib.rs:42:32
[INFO] [stdout]     |
[INFO] [stdout] 42  |                     return Err(io::Error::new(
[INFO] [stdout]     |                                ^^^^^^^^^^^^^^ expected 2 arguments
[INFO] [stdout] 43  |                             io::ErrorKind::WriteZero,
[INFO] [stdout]     |                             ------------------------
[INFO] [stdout] 44  |                             concat!("output buffer length must be exactly ", $sbytes, " bytes"),
[INFO] [stdout]     |                             -------------------------------------------------------------------
[INFO] [stdout] 45  |                             None));
[INFO] [stdout]     |                             ---- supplied 3 arguments
[INFO] [stdout] ...
[INFO] [stdout] 222 | endian_impls!(u64, beu64, leu64, 8, "8");
[INFO] [stdout]     | ----------------------------------------- in this macro invocation
[INFO] [stdout]     |
[INFO] [stdout]     = note: this error originates in a macro (in Nightly builds, run with -Z macro-backtrace for more info)
[INFO] [stdout] 
[INFO] [stdout] 
[INFO] [stdout] error[E0061]: this function takes 2 arguments but 3 arguments were supplied
[INFO] [stdout]    --> src/lib.rs:96:32
[INFO] [stdout]     |
[INFO] [stdout] 96  |                     return Err(io::Error::new(
[INFO] [stdout]     |                                ^^^^^^^^^^^^^^ expected 2 arguments
[INFO] [stdout] 97  |                             io::ErrorKind::InvalidInput,
[INFO] [stdout]     |                             ---------------------------
[INFO] [stdout] 98  |                             "input buffer must have exactly the same length as the output buffer",
[INFO] [stdout]     |                             ---------------------------------------------------------------------
[INFO] [stdout] 99  |                             None));
[INFO] [stdout]     |                             ---- supplied 3 arguments
[INFO] [stdout] ...
[INFO] [stdout] 221 | endian_impls!(u32, beu32, leu32, 4, "4");
[INFO] [stdout]     | ----------------------------------------- in this macro invocation
[INFO] [stdout]     |
[INFO] [stdout]     = note: this error originates in a macro (in Nightly builds, run with -Z macro-backtrace for more info)
[INFO] [stdout] 
[INFO] [stdout] 
[INFO] [stdout] error[E0061]: this function takes 2 arguments but 3 arguments were supplied
[INFO] [stdout]    --> src/lib.rs:55:32
[INFO] [stdout]     |
[INFO] [stdout] 55  |                     return Err(io::Error::new(
[INFO] [stdout]     |                                ^^^^^^^^^^^^^^ expected 2 arguments
[INFO] [stdout] 56  |                             io::ErrorKind::WriteZero,
[INFO] [stdout]     |                             ------------------------
[INFO] [stdout] 57  |                             concat!("output buffer length must be a multiple of ", $sbytes, " bytes"),
[INFO] [stdout]     |                             -------------------------------------------------------------------------
[INFO] [stdout] 58  |                             None));
[INFO] [stdout]     |                             ---- supplied 3 arguments
[INFO] [stdout] ...
[INFO] [stdout] 220 | endian_impls!(u16, beu16, leu16, 2, "2");
[INFO] [stdout]     | ----------------------------------------- in this macro invocation
[INFO] [stdout]     |
[INFO] [stdout]     = note: this error originates in a macro (in Nightly builds, run with -Z macro-backtrace for more info)
[INFO] [stdout] 
[INFO] [stdout] 
[INFO] [stdout] error[E0061]: this function takes 2 arguments but 3 arguments were supplied
[INFO] [stdout]    --> src/lib.rs:90:32
[INFO] [stdout]     |
[INFO] [stdout] 90  |                     return Err(io::Error::new(
[INFO] [stdout]     |                                ^^^^^^^^^^^^^^ expected 2 arguments
[INFO] [stdout] 91  |                             io::ErrorKind::WriteZero,
[INFO] [stdout]     |                             ------------------------
[INFO] [stdout] 92  |                             concat!("output buffer length must be a multiple of ", $sbytes, " bytes"),
[INFO] [stdout]     |                             -------------------------------------------------------------------------
[INFO] [stdout] 93  |                             None));
[INFO] [stdout]     |                             ---- supplied 3 arguments
[INFO] [stdout] ...
[INFO] [stdout] 222 | endian_impls!(u64, beu64, leu64, 8, "8");
[INFO] [stdout]     | ----------------------------------------- in this macro invocation
[INFO] [stdout]     |
[INFO] [stdout]     = note: this error originates in a macro (in Nightly builds, run with -Z macro-backtrace for more info)
[INFO] [stdout] 
[INFO] [stdout] 
[INFO] [stdout] error[E0061]: this function takes 2 arguments but 3 arguments were supplied
[INFO] [stdout]    --> src/lib.rs:96:32
[INFO] [stdout]     |
[INFO] [stdout] 96  |                     return Err(io::Error::new(
[INFO] [stdout]     |                                ^^^^^^^^^^^^^^ expected 2 arguments
[INFO] [stdout] 97  |                             io::ErrorKind::InvalidInput,
[INFO] [stdout]     |                             ---------------------------
[INFO] [stdout] 98  |                             "input buffer must have exactly the same length as the output buffer",
[INFO] [stdout]     |                             ---------------------------------------------------------------------
[INFO] [stdout] 99  |                             None));
[INFO] [stdout]     |                             ---- supplied 3 arguments
[INFO] [stdout] ...
[INFO] [stdout] 222 | endian_impls!(u64, beu64, leu64, 8, "8");
[INFO] [stdout]     | ----------------------------------------- in this macro invocation
[INFO] [stdout]     |
[INFO] [stdout]     = note: this error originates in a macro (in Nightly builds, run with -Z macro-backtrace for more info)
[INFO] [stdout] 
[INFO] [stdout] 
[INFO] [stdout] error[E0061]: this function takes 2 arguments but 3 arguments were supplied
[INFO] [stdout]    --> src/lib.rs:106:32
[INFO] [stdout]     |
[INFO] [stdout] 106 |                     return Err(io::Error::new(
[INFO] [stdout]     |                                ^^^^^^^^^^^^^^ expected 2 arguments
[INFO] [stdout] 107 |                             io::ErrorKind::WriteZero,
[INFO] [stdout]     |                             ------------------------
[INFO] [stdout] 108 |                             concat!("output buffer length must be a multiple of ", $sbytes, " bytes"),
[INFO] [stdout]     |                             -------------------------------------------------------------------------
[INFO] [stdout] 109 |                             None));
[INFO] [stdout]     |                             ---- supplied 3 arguments
[INFO] [stdout] ...
[INFO] [stdout] 220 | endian_impls!(u16, beu16, leu16, 2, "2");
[INFO] [stdout]     | ----------------------------------------- in this macro invocation
[INFO] [stdout]     |
[INFO] [stdout]     = note: this error originates in a macro (in Nightly builds, run with -Z macro-backtrace for more info)
[INFO] [stdout] 
[INFO] [stdout] 
[INFO] [stdout] error[E0061]: this function takes 2 arguments but 3 arguments were supplied
[INFO] [stdout]    --> src/lib.rs:61:32
[INFO] [stdout]     |
[INFO] [stdout] 61  |                     return Err(io::Error::new(
[INFO] [stdout]     |                                ^^^^^^^^^^^^^^ expected 2 arguments
[INFO] [stdout] 62  |                             io::ErrorKind::InvalidInput,
[INFO] [stdout]     |                             ---------------------------
[INFO] [stdout] 63  |                             "input buffer must have exactly the same length as the output buffer",
[INFO] [stdout]     |                             ---------------------------------------------------------------------
[INFO] [stdout] 64  |                             None));
[INFO] [stdout]     |                             ---- supplied 3 arguments
[INFO] [stdout] ...
[INFO] [stdout] 220 | endian_impls!(u16, beu16, leu16, 2, "2");
[INFO] [stdout]     | ----------------------------------------- in this macro invocation
[INFO] [stdout]     |
[INFO] [stdout]     = note: this error originates in a macro (in Nightly builds, run with -Z macro-backtrace for more info)
[INFO] [stdout] 
[INFO] [stdout] 
[INFO] [stdout] error[E0061]: this function takes 2 arguments but 3 arguments were supplied
[INFO] [stdout]    --> src/lib.rs:112:32
[INFO] [stdout]     |
[INFO] [stdout] 112 |                     return Err(io::Error::new(
[INFO] [stdout]     |                                ^^^^^^^^^^^^^^ expected 2 arguments
[INFO] [stdout] 113 |                             io::ErrorKind::InvalidInput,
[INFO] [stdout]     |                             ---------------------------
[INFO] [stdout] 114 |                             "input buffer must have exactly the same length as the output buffer",
[INFO] [stdout]     |                             ---------------------------------------------------------------------
[INFO] [stdout] 115 |                             None));
[INFO] [stdout]     |                             ---- supplied 3 arguments
[INFO] [stdout] ...
[INFO] [stdout] 220 | endian_impls!(u16, beu16, leu16, 2, "2");
[INFO] [stdout]     | ----------------------------------------- in this macro invocation
[INFO] [stdout]     |
[INFO] [stdout]     = note: this error originates in a macro (in Nightly builds, run with -Z macro-backtrace for more info)
[INFO] [stdout] 
[INFO] [stdout] 
[INFO] [stdout] error[E0061]: this function takes 2 arguments but 3 arguments were supplied
[INFO] [stdout]    --> src/lib.rs:55:32
[INFO] [stdout]     |
[INFO] [stdout] 55  |                     return Err(io::Error::new(
[INFO] [stdout]     |                                ^^^^^^^^^^^^^^ expected 2 arguments
[INFO] [stdout] 56  |                             io::ErrorKind::WriteZero,
[INFO] [stdout]     |                             ------------------------
[INFO] [stdout] 57  |                             concat!("output buffer length must be a multiple of ", $sbytes, " bytes"),
[INFO] [stdout]     |                             -------------------------------------------------------------------------
[INFO] [stdout] 58  |                             None));
[INFO] [stdout]     |                             ---- supplied 3 arguments
[INFO] [stdout] ...
[INFO] [stdout] 221 | endian_impls!(u32, beu32, leu32, 4, "4");
[INFO] [stdout]     | ----------------------------------------- in this macro invocation
[INFO] [stdout]     |
[INFO] [stdout]     = note: this error originates in a macro (in Nightly builds, run with -Z macro-backtrace for more info)
[INFO] [stdout] 
[INFO] [stdout] 
[INFO] [stdout] error[E0061]: this function takes 2 arguments but 3 arguments were supplied
[INFO] [stdout]    --> src/lib.rs:61:32
[INFO] [stdout]     |
[INFO] [stdout] 61  |                     return Err(io::Error::new(
[INFO] [stdout]     |                                ^^^^^^^^^^^^^^ expected 2 arguments
[INFO] [stdout] 62  |                             io::ErrorKind::InvalidInput,
[INFO] [stdout]     |                             ---------------------------
[INFO] [stdout] 63  |                             "input buffer must have exactly the same length as the output buffer",
[INFO] [stdout]     |                             ---------------------------------------------------------------------
[INFO] [stdout] 64  |                             None));
[INFO] [stdout]     |                             ---- supplied 3 arguments
[INFO] [stdout] ...
[INFO] [stdout] 221 | endian_impls!(u32, beu32, leu32, 4, "4");
[INFO] [stdout]     | ----------------------------------------- in this macro invocation
[INFO] [stdout]     |
[INFO] [stdout]     = note: this error originates in a macro (in Nightly builds, run with -Z macro-backtrace for more info)
[INFO] [stdout] 
[INFO] [stdout] 
[INFO] [stdout] error[E0061]: this function takes 2 arguments but 3 arguments were supplied
[INFO] [stdout]    --> src/lib.rs:106:32
[INFO] [stdout]     |
[INFO] [stdout] 106 |                     return Err(io::Error::new(
[INFO] [stdout]     |                                ^^^^^^^^^^^^^^ expected 2 arguments
[INFO] [stdout] 107 |                             io::ErrorKind::WriteZero,
[INFO] [stdout]     |                             ------------------------
[INFO] [stdout] 108 |                             concat!("output buffer length must be a multiple of ", $sbytes, " bytes"),
[INFO] [stdout]     |                             -------------------------------------------------------------------------
[INFO] [stdout] 109 |                             None));
[INFO] [stdout]     |                             ---- supplied 3 arguments
[INFO] [stdout] ...
[INFO] [stdout] 221 | endian_impls!(u32, beu32, leu32, 4, "4");
[INFO] [stdout]     | ----------------------------------------- in this macro invocation
[INFO] [stdout]     |
[INFO] [stdout]     = note: this error originates in a macro (in Nightly builds, run with -Z macro-backtrace for more info)
[INFO] [stdout] 
[INFO] [stdout] 
[INFO] [stdout] error[E0061]: this function takes 2 arguments but 3 arguments were supplied
[INFO] [stdout]    --> src/lib.rs:112:32
[INFO] [stdout]     |
[INFO] [stdout] 112 |                     return Err(io::Error::new(
[INFO] [stdout]     |                                ^^^^^^^^^^^^^^ expected 2 arguments
[INFO] [stdout] 113 |                             io::ErrorKind::InvalidInput,
[INFO] [stdout]     |                             ---------------------------
[INFO] [stdout] 114 |                             "input buffer must have exactly the same length as the output buffer",
[INFO] [stdout]     |                             ---------------------------------------------------------------------
[INFO] [stdout] 115 |                             None));
[INFO] [stdout]     |                             ---- supplied 3 arguments
[INFO] [stdout] ...
[INFO] [stdout] 221 | endian_impls!(u32, beu32, leu32, 4, "4");
[INFO] [stdout]     | ----------------------------------------- in this macro invocation
[INFO] [stdout]     |
[INFO] [stdout]     = note: this error originates in a macro (in Nightly builds, run with -Z macro-backtrace for more info)
[INFO] [stdout] 
[INFO] [stdout] 
[INFO] [stdout] error[E0061]: this function takes 2 arguments but 3 arguments were supplied
[INFO] [stdout]    --> src/lib.rs:106:32
[INFO] [stdout]     |
[INFO] [stdout] 106 |                     return Err(io::Error::new(
[INFO] [stdout]     |                                ^^^^^^^^^^^^^^ expected 2 arguments
[INFO] [stdout] 107 |                             io::ErrorKind::WriteZero,
[INFO] [stdout]     |                             ------------------------
[INFO] [stdout] 108 |                             concat!("output buffer length must be a multiple of ", $sbytes, " bytes"),
[INFO] [stdout]     |                             -------------------------------------------------------------------------
[INFO] [stdout] 109 |                             None));
[INFO] [stdout]     |                             ---- supplied 3 arguments
[INFO] [stdout] ...
[INFO] [stdout] 222 | endian_impls!(u64, beu64, leu64, 8, "8");
[INFO] [stdout]     | ----------------------------------------- in this macro invocation
[INFO] [stdout]     |
[INFO] [stdout]     = note: this error originates in a macro (in Nightly builds, run with -Z macro-backtrace for more info)
[INFO] [stdout] 
[INFO] [stdout] 
[INFO] [stdout] error[E0061]: this function takes 2 arguments but 3 arguments were supplied
[INFO] [stdout]    --> src/lib.rs:55:32
[INFO] [stdout]     |
[INFO] [stdout] 55  |                     return Err(io::Error::new(
[INFO] [stdout]     |                                ^^^^^^^^^^^^^^ expected 2 arguments
[INFO] [stdout] 56  |                             io::ErrorKind::WriteZero,
[INFO] [stdout]     |                             ------------------------
[INFO] [stdout] 57  |                             concat!("output buffer length must be a multiple of ", $sbytes, " bytes"),
[INFO] [stdout]     |                             -------------------------------------------------------------------------
[INFO] [stdout] 58  |                             None));
[INFO] [stdout]     |                             ---- supplied 3 arguments
[INFO] [stdout] ...
[INFO] [stdout] 222 | endian_impls!(u64, beu64, leu64, 8, "8");
[INFO] [stdout]     | ----------------------------------------- in this macro invocation
[INFO] [stdout]     |
[INFO] [stdout]     = note: this error originates in a macro (in Nightly builds, run with -Z macro-backtrace for more info)
[INFO] [stdout] 
[INFO] [stdout] 
[INFO] [stdout] error[E0061]: this function takes 2 arguments but 3 arguments were supplied
[INFO] [stdout]    --> src/lib.rs:61:32
[INFO] [stdout]     |
[INFO] [stdout] 61  |                     return Err(io::Error::new(
[INFO] [stdout]     |                                ^^^^^^^^^^^^^^ expected 2 arguments
[INFO] [stdout] 62  |                             io::ErrorKind::InvalidInput,
[INFO] [stdout]     |                             ---------------------------
[INFO] [stdout] 63  |                             "input buffer must have exactly the same length as the output buffer",
[INFO] [stdout]     |                             ---------------------------------------------------------------------
[INFO] [stdout] 64  |                             None));
[INFO] [stdout]     |                             ---- supplied 3 arguments
[INFO] [stdout] ...
[INFO] [stdout] 222 | endian_impls!(u64, beu64, leu64, 8, "8");
[INFO] [stdout]     | ----------------------------------------- in this macro invocation
[INFO] [stdout]     |
[INFO] [stdout]     = note: this error originates in a macro (in Nightly builds, run with -Z macro-backtrace for more info)
[INFO] [stdout] 
[INFO] [stdout] 
[INFO] [stdout] error[E0061]: this function takes 2 arguments but 3 arguments were supplied
[INFO] [stdout]    --> src/lib.rs:112:32
[INFO] [stdout]     |
[INFO] [stdout] 112 |                     return Err(io::Error::new(
[INFO] [stdout]     |                                ^^^^^^^^^^^^^^ expected 2 arguments
[INFO] [stdout] 113 |                             io::ErrorKind::InvalidInput,
[INFO] [stdout]     |                             ---------------------------
[INFO] [stdout] 114 |                             "input buffer must have exactly the same length as the output buffer",
[INFO] [stdout]     |                             ---------------------------------------------------------------------
[INFO] [stdout] 115 |                             None));
[INFO] [stdout]     |                             ---- supplied 3 arguments
[INFO] [stdout] ...
[INFO] [stdout] 222 | endian_impls!(u64, beu64, leu64, 8, "8");
[INFO] [stdout]     | ----------------------------------------- in this macro invocation
[INFO] [stdout]     |
[INFO] [stdout]     = note: this error originates in a macro (in Nightly builds, run with -Z macro-backtrace for more info)
[INFO] [stdout] 
[INFO] [stdout] 
[INFO] [stdout] error[E0061]: this function takes 2 arguments but 3 arguments were supplied
[INFO] [stdout]    --> src/lib.rs:71:32
[INFO] [stdout]     |
[INFO] [stdout] 71  |                     return Err(io::Error::new(
[INFO] [stdout]     |                                ^^^^^^^^^^^^^^ expected 2 arguments
[INFO] [stdout] 72  |                             io::ErrorKind::WriteZero,
[INFO] [stdout]     |                             ------------------------
[INFO] [stdout] 73  |                             concat!("output buffer length must be a multiple of ", $sbytes, " bytes"),
[INFO] [stdout]     |                             -------------------------------------------------------------------------
[INFO] [stdout] 74  |                             None));
[INFO] [stdout]     |                             ---- supplied 3 arguments
[INFO] [stdout] ...
[INFO] [stdout] 220 | endian_impls!(u16, beu16, leu16, 2, "2");
[INFO] [stdout]     | ----------------------------------------- in this macro invocation
[INFO] [stdout]     |
[INFO] [stdout]     = note: this error originates in a macro (in Nightly builds, run with -Z macro-backtrace for more info)
[INFO] [stdout] 
[INFO] [stdout] 
[INFO] [stdout] error[E0061]: this function takes 2 arguments but 3 arguments were supplied
[INFO] [stdout]    --> src/lib.rs:125:32
[INFO] [stdout]     |
[INFO] [stdout] 125 |                     return Err(io::Error::new(
[INFO] [stdout]     |                                ^^^^^^^^^^^^^^ expected 2 arguments
[INFO] [stdout] 126 |                             io::ErrorKind::InvalidInput,
[INFO] [stdout]     |                             ---------------------------
[INFO] [stdout] 127 |                             concat!("input buffer length must be exactly ", $sbytes, " bytes"),
[INFO] [stdout]     |                             ------------------------------------------------------------------
[INFO] [stdout] 128 |                             None));
[INFO] [stdout]     |                             ---- supplied 3 arguments
[INFO] [stdout] ...
[INFO] [stdout] 220 | endian_impls!(u16, beu16, leu16, 2, "2");
[INFO] [stdout]     | ----------------------------------------- in this macro invocation
[INFO] [stdout]     |
[INFO] [stdout]     = note: this error originates in a macro (in Nightly builds, run with -Z macro-backtrace for more info)
[INFO] [stdout] 
[INFO] [stdout] 
[INFO] [stdout] error[E0061]: this function takes 2 arguments but 3 arguments were supplied
[INFO] [stdout]    --> src/lib.rs:125:32
[INFO] [stdout]     |
[INFO] [stdout] 125 |                     return Err(io::Error::new(
[INFO] [stdout]     |                                ^^^^^^^^^^^^^^ expected 2 arguments
[INFO] [stdout] 126 |                             io::ErrorKind::InvalidInput,
[INFO] [stdout]     |                             ---------------------------
[INFO] [stdout] 127 |                             concat!("input buffer length must be exactly ", $sbytes, " bytes"),
[INFO] [stdout]     |                             ------------------------------------------------------------------
[INFO] [stdout] 128 |                             None));
[INFO] [stdout]     |                             ---- supplied 3 arguments
[INFO] [stdout] ...
[INFO] [stdout] 221 | endian_impls!(u32, beu32, leu32, 4, "4");
[INFO] [stdout]     | ----------------------------------------- in this macro invocation
[INFO] [stdout]     |
[INFO] [stdout]     = note: this error originates in a macro (in Nightly builds, run with -Z macro-backtrace for more info)
[INFO] [stdout] 
[INFO] [stdout] 
[INFO] [stdout] error[E0061]: this function takes 2 arguments but 3 arguments were supplied
[INFO] [stdout]    --> src/lib.rs:125:32
[INFO] [stdout]     |
[INFO] [stdout] 125 |                     return Err(io::Error::new(
[INFO] [stdout]     |                                ^^^^^^^^^^^^^^ expected 2 arguments
[INFO] [stdout] 126 |                             io::ErrorKind::InvalidInput,
[INFO] [stdout]     |                             ---------------------------
[INFO] [stdout] 127 |                             concat!("input buffer length must be exactly ", $sbytes, " bytes"),
[INFO] [stdout]     |                             ------------------------------------------------------------------
[INFO] [stdout] 128 |                             None));
[INFO] [stdout]     |                             ---- supplied 3 arguments
[INFO] [stdout] ...
[INFO] [stdout] 222 | endian_impls!(u64, beu64, leu64, 8, "8");
[INFO] [stdout]     | ----------------------------------------- in this macro invocation
[INFO] [stdout]     |
[INFO] [stdout]     = note: this error originates in a macro (in Nightly builds, run with -Z macro-backtrace for more info)
[INFO] [stdout] 
[INFO] [stdout] 
[INFO] [stdout] error[E0061]: this function takes 2 arguments but 3 arguments were supplied
[INFO] [stdout]    --> src/lib.rs:135:32
[INFO] [stdout]     |
[INFO] [stdout] 135 |                     return Err(io::Error::new(
[INFO] [stdout]     |                                ^^^^^^^^^^^^^^ expected 2 arguments
[INFO] [stdout] 136 |                             io::ErrorKind::InvalidInput,
[INFO] [stdout]     |                             ---------------------------
[INFO] [stdout] 137 |                             concat!("input buffer length must be exactly ", $sbytes, " bytes"),
[INFO] [stdout]     |                             ------------------------------------------------------------------
[INFO] [stdout] 138 |                             None));
[INFO] [stdout]     |                             ---- supplied 3 arguments
[INFO] [stdout] ...
[INFO] [stdout] 220 | endian_impls!(u16, beu16, leu16, 2, "2");
[INFO] [stdout]     | ----------------------------------------- in this macro invocation
[INFO] [stdout]     |
[INFO] [stdout]     = note: this error originates in a macro (in Nightly builds, run with -Z macro-backtrace for more info)
[INFO] [stdout] 
[INFO] [stdout] 
[INFO] [stdout] error[E0061]: this function takes 2 arguments but 3 arguments were supplied
[INFO] [stdout]    --> src/lib.rs:135:32
[INFO] [stdout]     |
[INFO] [stdout] 135 |                     return Err(io::Error::new(
[INFO] [stdout]     |                                ^^^^^^^^^^^^^^ expected 2 arguments
[INFO] [stdout] 136 |                             io::ErrorKind::InvalidInput,
[INFO] [stdout]     |                             ---------------------------
[INFO] [stdout] 137 |                             concat!("input buffer length must be exactly ", $sbytes, " bytes"),
[INFO] [stdout]     |                             ------------------------------------------------------------------
[INFO] [stdout] 138 |                             None));
[INFO] [stdout]     |                             ---- supplied 3 arguments
[INFO] [stdout] ...
[INFO] [stdout] 221 | endian_impls!(u32, beu32, leu32, 4, "4");
[INFO] [stdout]     | ----------------------------------------- in this macro invocation
[INFO] [stdout]     |
[INFO] [stdout]     = note: this error originates in a macro (in Nightly builds, run with -Z macro-backtrace for more info)
[INFO] [stdout] 
[INFO] [stdout] 
[INFO] [stdout] error[E0061]: this function takes 2 arguments but 3 arguments were supplied
[INFO] [stdout]    --> src/lib.rs:77:32
[INFO] [stdout]     |
[INFO] [stdout] 77  |                     return Err(io::Error::new(
[INFO] [stdout]     |                                ^^^^^^^^^^^^^^ expected 2 arguments
[INFO] [stdout] 78  |                             io::ErrorKind::InvalidInput,
[INFO] [stdout]     |                             ---------------------------
[INFO] [stdout] 79  |                             "input buffer must have exactly the same length as the output buffer",
[INFO] [stdout]     |                             ---------------------------------------------------------------------
[INFO] [stdout] 80  |                             None));
[INFO] [stdout]     |                             ---- supplied 3 arguments
[INFO] [stdout] ...
[INFO] [stdout] 220 | endian_impls!(u16, beu16, leu16, 2, "2");
[INFO] [stdout]     | ----------------------------------------- in this macro invocation
[INFO] [stdout]     |
[INFO] [stdout]     = note: this error originates in a macro (in Nightly builds, run with -Z macro-backtrace for more info)
[INFO] [stdout] 
[INFO] [stdout] 
[INFO] [stdout] error[E0061]: this function takes 2 arguments but 3 arguments were supplied
[INFO] [stdout]    --> src/lib.rs:71:32
[INFO] [stdout]     |
[INFO] [stdout] 71  |                     return Err(io::Error::new(
[INFO] [stdout]     |                                ^^^^^^^^^^^^^^ expected 2 arguments
[INFO] [stdout] 72  |                             io::ErrorKind::WriteZero,
[INFO] [stdout]     |                             ------------------------
[INFO] [stdout] 73  |                             concat!("output buffer length must be a multiple of ", $sbytes, " bytes"),
[INFO] [stdout]     |                             -------------------------------------------------------------------------
[INFO] [stdout] 74  |                             None));
[INFO] [stdout]     |                             ---- supplied 3 arguments
[INFO] [stdout] ...
[INFO] [stdout] 221 | endian_impls!(u32, beu32, leu32, 4, "4");
[INFO] [stdout]     | ----------------------------------------- in this macro invocation
[INFO] [stdout]     |
[INFO] [stdout]     = note: this error originates in a macro (in Nightly builds, run with -Z macro-backtrace for more info)
[INFO] [stdout] 
[INFO] [stdout] 
[INFO] [stdout] error[E0061]: this function takes 2 arguments but 3 arguments were supplied
[INFO] [stdout]    --> src/lib.rs:77:32
[INFO] [stdout]     |
[INFO] [stdout] 77  |                     return Err(io::Error::new(
[INFO] [stdout]     |                                ^^^^^^^^^^^^^^ expected 2 arguments
[INFO] [stdout] 78  |                             io::ErrorKind::InvalidInput,
[INFO] [stdout]     |                             ---------------------------
[INFO] [stdout] 79  |                             "input buffer must have exactly the same length as the output buffer",
[INFO] [stdout]     |                             ---------------------------------------------------------------------
[INFO] [stdout] 80  |                             None));
[INFO] [stdout]     |                             ---- supplied 3 arguments
[INFO] [stdout] ...
[INFO] [stdout] 221 | endian_impls!(u32, beu32, leu32, 4, "4");
[INFO] [stdout]     | ----------------------------------------- in this macro invocation
[INFO] [stdout]     |
[INFO] [stdout]     = note: this error originates in a macro (in Nightly builds, run with -Z macro-backtrace for more info)
[INFO] [stdout] 
[INFO] [stdout] 
[INFO] [stdout] error[E0061]: this function takes 2 arguments but 3 arguments were supplied
[INFO] [stdout]    --> src/lib.rs:71:32
[INFO] [stdout]     |
[INFO] [stdout] 71  |                     return Err(io::Error::new(
[INFO] [stdout]     |                                ^^^^^^^^^^^^^^ expected 2 arguments
[INFO] [stdout] 72  |                             io::ErrorKind::WriteZero,
[INFO] [stdout]     |                             ------------------------
[INFO] [stdout] 73  |                             concat!("output buffer length must be a multiple of ", $sbytes, " bytes"),
[INFO] [stdout]     |                             -------------------------------------------------------------------------
[INFO] [stdout] 74  |                             None));
[INFO] [stdout]     |                             ---- supplied 3 arguments
[INFO] [stdout] ...
[INFO] [stdout] 222 | endian_impls!(u64, beu64, leu64, 8, "8");
[INFO] [stdout]     | ----------------------------------------- in this macro invocation
[INFO] [stdout]     |
[INFO] [stdout]     = note: this error originates in a macro (in Nightly builds, run with -Z macro-backtrace for more info)
[INFO] [stdout] 
[INFO] [stdout] 
[INFO] [stdout] error[E0061]: this function takes 2 arguments but 3 arguments were supplied
[INFO] [stdout]    --> src/lib.rs:77:32
[INFO] [stdout]     |
[INFO] [stdout] 77  |                     return Err(io::Error::new(
[INFO] [stdout]     |                                ^^^^^^^^^^^^^^ expected 2 arguments
[INFO] [stdout] 78  |                             io::ErrorKind::InvalidInput,
[INFO] [stdout]     |                             ---------------------------
[INFO] [stdout] 79  |                             "input buffer must have exactly the same length as the output buffer",
[INFO] [stdout]     |                             ---------------------------------------------------------------------
[INFO] [stdout] 80  |                             None));
[INFO] [stdout]     |                             ---- supplied 3 arguments
[INFO] [stdout] ...
[INFO] [stdout] 222 | endian_impls!(u64, beu64, leu64, 8, "8");
[INFO] [stdout]     | ----------------------------------------- in this macro invocation
[INFO] [stdout]     |
[INFO] [stdout]     = note: this error originates in a macro (in Nightly builds, run with -Z macro-backtrace for more info)
[INFO] [stdout] 
[INFO] [stdout] 
[INFO] [stdout] error[E0061]: this function takes 2 arguments but 3 arguments were supplied
[INFO] [stdout]    --> src/lib.rs:135:32
[INFO] [stdout]     |
[INFO] [stdout] 135 |                     return Err(io::Error::new(
[INFO] [stdout]     |                                ^^^^^^^^^^^^^^ expected 2 arguments
[INFO] [stdout] 136 |                             io::ErrorKind::InvalidInput,
[INFO] [stdout]     |                             ---------------------------
[INFO] [stdout] 137 |                             concat!("input buffer length must be exactly ", $sbytes, " bytes"),
[INFO] [stdout]     |                             ------------------------------------------------------------------
[INFO] [stdout] 138 |                             None));
[INFO] [stdout]     |                             ---- supplied 3 arguments
[INFO] [stdout] ...
[INFO] [stdout] 222 | endian_impls!(u64, beu64, leu64, 8, "8");
[INFO] [stdout]     | ----------------------------------------- in this macro invocation
[INFO] [stdout]     |
[INFO] [stdout]     = note: this error originates in a macro (in Nightly builds, run with -Z macro-backtrace for more info)
[INFO] [stdout] 
[INFO] [stdout] 
[INFO] [stdout] error[E0061]: this function takes 2 arguments but 3 arguments were supplied
[INFO] [stdout]    --> src/lib.rs:148:32
[INFO] [stdout]     |
[INFO] [stdout] 148 |                     return Err(io::Error::new(
[INFO] [stdout]     |                                ^^^^^^^^^^^^^^ expected 2 arguments
[INFO] [stdout] 149 |                             io::ErrorKind::InvalidInput,
[INFO] [stdout]     |                             ---------------------------
[INFO] [stdout] 150 |                             concat!("input buffer length must be a multiple of ", $sbytes, " bytes"),
[INFO] [stdout]     |                             ------------------------------------------------------------------------
[INFO] [stdout] 151 |                             None));
[INFO] [stdout]     |                             ---- supplied 3 arguments
[INFO] [stdout] ...
[INFO] [stdout] 220 | endian_impls!(u16, beu16, leu16, 2, "2");
[INFO] [stdout]     | ----------------------------------------- in this macro invocation
[INFO] [stdout]     |
[INFO] [stdout]     = note: this error originates in a macro (in Nightly builds, run with -Z macro-backtrace for more info)
[INFO] [stdout] 
[INFO] [stdout] 
[INFO] [stdout] error[E0061]: this function takes 2 arguments but 3 arguments were supplied
[INFO] [stdout]    --> src/lib.rs:90:32
[INFO] [stdout]     |
[INFO] [stdout] 90  |                     return Err(io::Error::new(
[INFO] [stdout]     |                                ^^^^^^^^^^^^^^ expected 2 arguments
[INFO] [stdout] 91  |                             io::ErrorKind::WriteZero,
[INFO] [stdout]     |                             ------------------------
[INFO] [stdout] 92  |                             concat!("output buffer length must be a multiple of ", $sbytes, " bytes"),
[INFO] [stdout]     |                             -------------------------------------------------------------------------
[INFO] [stdout] 93  |                             None));
[INFO] [stdout]     |                             ---- supplied 3 arguments
[INFO] [stdout] ...
[INFO] [stdout] 220 | endian_impls!(u16, beu16, leu16, 2, "2");
[INFO] [stdout]     | ----------------------------------------- in this macro invocation
[INFO] [stdout]     |
[INFO] [stdout]     = note: this error originates in a macro (in Nightly builds, run with -Z macro-backtrace for more info)
[INFO] [stdout] 
[INFO] [stdout] 
[INFO] [stdout] error[E0061]: this function takes 2 arguments but 3 arguments were supplied
[INFO] [stdout]    --> src/lib.rs:154:32
[INFO] [stdout]     |
[INFO] [stdout] 154 |                     return Err(io::Error::new(
[INFO] [stdout]     |                                ^^^^^^^^^^^^^^ expected 2 arguments
[INFO] [stdout] 155 |                             io::ErrorKind::WriteZero,
[INFO] [stdout]     |                             ------------------------
[INFO] [stdout] 156 |                             "output buffer must have exactly the same length as the input buffer",
[INFO] [stdout]     |                             ---------------------------------------------------------------------
[INFO] [stdout] 157 |                             None));
[INFO] [stdout]     |                             ---- supplied 3 arguments
[INFO] [stdout] ...
[INFO] [stdout] 220 | endian_impls!(u16, beu16, leu16, 2, "2");
[INFO] [stdout]     | ----------------------------------------- in this macro invocation
[INFO] [stdout]     |
[INFO] [stdout]     = note: this error originates in a macro (in Nightly builds, run with -Z macro-backtrace for more info)
[INFO] [stdout] 
[INFO] [stdout] 
[INFO] [stdout] error[E0061]: this function takes 2 arguments but 3 arguments were supplied
[INFO] [stdout]    --> src/lib.rs:148:32
[INFO] [stdout]     |
[INFO] [stdout] 148 |                     return Err(io::Error::new(
[INFO] [stdout]     |                                ^^^^^^^^^^^^^^ expected 2 arguments
[INFO] [stdout] 149 |                             io::ErrorKind::InvalidInput,
[INFO] [stdout]     |                             ---------------------------
[INFO] [stdout] 150 |                             concat!("input buffer length must be a multiple of ", $sbytes, " bytes"),
[INFO] [stdout]     |                             ------------------------------------------------------------------------
[INFO] [stdout] 151 |                             None));
[INFO] [stdout]     |                             ---- supplied 3 arguments
[INFO] [stdout] ...
[INFO] [stdout] 221 | endian_impls!(u32, beu32, leu32, 4, "4");
[INFO] [stdout]     | ----------------------------------------- in this macro invocation
[INFO] [stdout]     |
[INFO] [stdout]     = note: this error originates in a macro (in Nightly builds, run with -Z macro-backtrace for more info)
[INFO] [stdout] 
[INFO] [stdout] 
[INFO] [stdout] error[E0061]: this function takes 2 arguments but 3 arguments were supplied
[INFO] [stdout]    --> src/lib.rs:154:32
[INFO] [stdout]     |
[INFO] [stdout] 154 |                     return Err(io::Error::new(
[INFO] [stdout]     |                                ^^^^^^^^^^^^^^ expected 2 arguments
[INFO] [stdout] 155 |                             io::ErrorKind::WriteZero,
[INFO] [stdout]     |                             ------------------------
[INFO] [stdout] 156 |                             "output buffer must have exactly the same length as the input buffer",
[INFO] [stdout]     |                             ---------------------------------------------------------------------
[INFO] [stdout] 157 |                             None));
[INFO] [stdout]     |                             ---- supplied 3 arguments
[INFO] [stdout] ...
[INFO] [stdout] 221 | endian_impls!(u32, beu32, leu32, 4, "4");
[INFO] [stdout]     | ----------------------------------------- in this macro invocation
[INFO] [stdout]     |
[INFO] [stdout]     = note: this error originates in a macro (in Nightly builds, run with -Z macro-backtrace for more info)
[INFO] [stdout] 
[INFO] [stdout] 
[INFO] [stdout] error[E0061]: this function takes 2 arguments but 3 arguments were supplied
[INFO] [stdout]    --> src/lib.rs:96:32
[INFO] [stdout]     |
[INFO] [stdout] 96  |                     return Err(io::Error::new(
[INFO] [stdout]     |                                ^^^^^^^^^^^^^^ expected 2 arguments
[INFO] [stdout] 97  |                             io::ErrorKind::InvalidInput,
[INFO] [stdout]     |                             ---------------------------
[INFO] [stdout] 98  |                             "input buffer must have exactly the same length as the output buffer",
[INFO] [stdout]     |                             ---------------------------------------------------------------------
[INFO] [stdout] 99  |                             None));
[INFO] [stdout]     |                             ---- supplied 3 arguments
[INFO] [stdout] ...
[INFO] [stdout] 220 | endian_impls!(u16, beu16, leu16, 2, "2");
[INFO] [stdout]     | ----------------------------------------- in this macro invocation
[INFO] [stdout]     |
[INFO] [stdout]     = note: this error originates in a macro (in Nightly builds, run with -Z macro-backtrace for more info)
[INFO] [stdout] 
[INFO] [stdout] 
[INFO] [stdout] error[E0061]: this function takes 2 arguments but 3 arguments were supplied
[INFO] [stdout]    --> src/lib.rs:148:32
[INFO] [stdout]     |
[INFO] [stdout] 148 |                     return Err(io::Error::new(
[INFO] [stdout]     |                                ^^^^^^^^^^^^^^ expected 2 arguments
[INFO] [stdout] 149 |                             io::ErrorKind::InvalidInput,
[INFO] [stdout]     |                             ---------------------------
[INFO] [stdout] 150 |                             concat!("input buffer length must be a multiple of ", $sbytes, " bytes"),
[INFO] [stdout]     |                             ------------------------------------------------------------------------
[INFO] [stdout] 151 |                             None));
[INFO] [stdout]     |                             ---- supplied 3 arguments
[INFO] [stdout] ...
[INFO] [stdout] 222 | endian_impls!(u64, beu64, leu64, 8, "8");
[INFO] [stdout]     | ----------------------------------------- in this macro invocation
[INFO] [stdout]     |
[INFO] [stdout]     = note: this error originates in a macro (in Nightly builds, run with -Z macro-backtrace for more info)
[INFO] [stdout] 
[INFO] [stdout] 
[INFO] [stdout] error[E0061]: this function takes 2 arguments but 3 arguments were supplied
[INFO] [stdout]    --> src/lib.rs:90:32
[INFO] [stdout]     |
[INFO] [stdout] 90  |                     return Err(io::Error::new(
[INFO] [stdout]     |                                ^^^^^^^^^^^^^^ expected 2 arguments
[INFO] [stdout] 91  |                             io::ErrorKind::WriteZero,
[INFO] [stdout]     |                             ------------------------
[INFO] [stdout] 92  |                             concat!("output buffer length must be a multiple of ", $sbytes, " bytes"),
[INFO] [stdout]     |                             -------------------------------------------------------------------------
[INFO] [stdout] 93  |                             None));
[INFO] [stdout]     |                             ---- supplied 3 arguments
[INFO] [stdout] ...
[INFO] [stdout] 221 | endian_impls!(u32, beu32, leu32, 4, "4");
[INFO] [stdout]     | ----------------------------------------- in this macro invocation
[INFO] [stdout]     |
[INFO] [stdout]     = note: this error originates in a macro (in Nightly builds, run with -Z macro-backtrace for more info)
[INFO] [stdout] 
[INFO] [stdout] 
[INFO] [stdout] error[E0061]: this function takes 2 arguments but 3 arguments were supplied
[INFO] [stdout]    --> src/lib.rs:154:32
[INFO] [stdout]     |
[INFO] [stdout] 154 |                     return Err(io::Error::new(
[INFO] [stdout]     |                                ^^^^^^^^^^^^^^ expected 2 arguments
[INFO] [stdout] 155 |                             io::ErrorKind::WriteZero,
[INFO] [stdout]     |                             ------------------------
[INFO] [stdout] 156 |                             "output buffer must have exactly the same length as the input buffer",
[INFO] [stdout]     |                             ---------------------------------------------------------------------
[INFO] [stdout] 157 |                             None));
[INFO] [stdout]     |                             ---- supplied 3 arguments
[INFO] [stdout] ...
[INFO] [stdout] 222 | endian_impls!(u64, beu64, leu64, 8, "8");
[INFO] [stdout]     | ----------------------------------------- in this macro invocation
[INFO] [stdout]     |
[INFO] [stdout]     = note: this error originates in a macro (in Nightly builds, run with -Z macro-backtrace for more info)
[INFO] [stdout] 
[INFO] [stdout] 
[INFO] [stdout] error[E0061]: this function takes 2 arguments but 3 arguments were supplied
[INFO] [stdout]    --> src/lib.rs:96:32
[INFO] [stdout]     |
[INFO] [stdout] 96  |                     return Err(io::Error::new(
[INFO] [stdout]     |                                ^^^^^^^^^^^^^^ expected 2 arguments
[INFO] [stdout] 97  |                             io::ErrorKind::InvalidInput,
[INFO] [stdout]     |                             ---------------------------
[INFO] [stdout] 98  |                             "input buffer must have exactly the same length as the output buffer",
[INFO] [stdout]     |                             ---------------------------------------------------------------------
[INFO] [stdout] 99  |                             None));
[INFO] [stdout]     |                             ---- supplied 3 arguments
[INFO] [stdout] ...
[INFO] [stdout] 221 | endian_impls!(u32, beu32, leu32, 4, "4");
[INFO] [stdout]     | ----------------------------------------- in this macro invocation
[INFO] [stdout]     |
[INFO] [stdout]     = note: this error originates in a macro (in Nightly builds, run with -Z macro-backtrace for more info)
[INFO] [stdout] 
[INFO] [stdout] 
[INFO] [stdout] error[E0061]: this function takes 2 arguments but 3 arguments were supplied
[INFO] [stdout]    --> src/lib.rs:164:32
[INFO] [stdout]     |
[INFO] [stdout] 164 |                     return Err(io::Error::new(
[INFO] [stdout]     |                                ^^^^^^^^^^^^^^ expected 2 arguments
[INFO] [stdout] 165 |                             io::ErrorKind::InvalidInput,
[INFO] [stdout]     |                             ---------------------------
[INFO] [stdout] 166 |                             concat!("input buffer length must be a multiple of ", $sbytes, " bytes"),
[INFO] [stdout]     |                             ------------------------------------------------------------------------
[INFO] [stdout] 167 |                             None));
[INFO] [stdout]     |                             ---- supplied 3 arguments
[INFO] [stdout] ...
[INFO] [stdout] 220 | endian_impls!(u16, beu16, leu16, 2, "2");
[INFO] [stdout]     | ----------------------------------------- in this macro invocation
[INFO] [stdout]     |
[INFO] [stdout]     = note: this error originates in a macro (in Nightly builds, run with -Z macro-backtrace for more info)
[INFO] [stdout] 
[INFO] [stdout] 
[INFO] [stdout] error[E0061]: this function takes 2 arguments but 3 arguments were supplied
[INFO] [stdout]    --> src/lib.rs:90:32
[INFO] [stdout]     |
[INFO] [stdout] 90  |                     return Err(io::Error::new(
[INFO] [stdout]     |                                ^^^^^^^^^^^^^^ expected 2 arguments
[INFO] [stdout] 91  |                             io::ErrorKind::WriteZero,
[INFO] [stdout]     |                             ------------------------
[INFO] [stdout] 92  |                             concat!("output buffer length must be a multiple of ", $sbytes, " bytes"),
[INFO] [stdout]     |                             -------------------------------------------------------------------------
[INFO] [stdout] 93  |                             None));
[INFO] [stdout]     |                             ---- supplied 3 arguments
[INFO] [stdout] ...
[INFO] [stdout] 222 | endian_impls!(u64, beu64, leu64, 8, "8");
[INFO] [stdout]     | ----------------------------------------- in this macro invocation
[INFO] [stdout]     |
[INFO] [stdout]     = note: this error originates in a macro (in Nightly builds, run with -Z macro-backtrace for more info)
[INFO] [stdout] 
[INFO] [stdout] 
[INFO] [stdout] error[E0061]: this function takes 2 arguments but 3 arguments were supplied
[INFO] [stdout]    --> src/lib.rs:96:32
[INFO] [stdout]     |
[INFO] [stdout] 96  |                     return Err(io::Error::new(
[INFO] [stdout]     |                                ^^^^^^^^^^^^^^ expected 2 arguments
[INFO] [stdout] 97  |                             io::ErrorKind::InvalidInput,
[INFO] [stdout]     |                             ---------------------------
[INFO] [stdout] 98  |                             "input buffer must have exactly the same length as the output buffer",
[INFO] [stdout]     |                             ---------------------------------------------------------------------
[INFO] [stdout] 99  |                             None));
[INFO] [stdout]     |                             ---- supplied 3 arguments
[INFO] [stdout] ...
[INFO] [stdout] 222 | endian_impls!(u64, beu64, leu64, 8, "8");
[INFO] [stdout]     | ----------------------------------------- in this macro invocation
[INFO] [stdout]     |
[INFO] [stdout]     = note: this error originates in a macro (in Nightly builds, run with -Z macro-backtrace for more info)
[INFO] [stdout] 
[INFO] [stdout] 
[INFO] [stdout] error[E0061]: this function takes 2 arguments but 3 arguments were supplied
[INFO] [stdout]    --> src/lib.rs:170:32
[INFO] [stdout]     |
[INFO] [stdout] 170 |                     return Err(io::Error::new(
[INFO] [stdout]     |                                ^^^^^^^^^^^^^^ expected 2 arguments
[INFO] [stdout] 171 |                             io::ErrorKind::WriteZero,
[INFO] [stdout]     |                             ------------------------
[INFO] [stdout] 172 |                             "output buffer must have exactly the same length as the input buffer",
[INFO] [stdout]     |                             ---------------------------------------------------------------------
[INFO] [stdout] 173 |                             None));
[INFO] [stdout]     |                             ---- supplied 3 arguments
[INFO] [stdout] ...
[INFO] [stdout] 220 | endian_impls!(u16, beu16, leu16, 2, "2");
[INFO] [stdout]     | ----------------------------------------- in this macro invocation
[INFO] [stdout]     |
[INFO] [stdout]     = note: this error originates in a macro (in Nightly builds, run with -Z macro-backtrace for more info)
[INFO] [stdout] 
[INFO] [stdout] 
[INFO] [stdout] error[E0061]: this function takes 2 arguments but 3 arguments were supplied
[INFO] [stdout]    --> src/lib.rs:164:32
[INFO] [stdout]     |
[INFO] [stdout] 164 |                     return Err(io::Error::new(
[INFO] [stdout]     |                                ^^^^^^^^^^^^^^ expected 2 arguments
[INFO] [stdout] 165 |                             io::ErrorKind::InvalidInput,
[INFO] [stdout]     |                             ---------------------------
[INFO] [stdout] 166 |                             concat!("input buffer length must be a multiple of ", $sbytes, " bytes"),
[INFO] [stdout]     |                             ------------------------------------------------------------------------
[INFO] [stdout] 167 |                             None));
[INFO] [stdout]     |                             ---- supplied 3 arguments
[INFO] [stdout] ...
[INFO] [stdout] 221 | endian_impls!(u32, beu32, leu32, 4, "4");
[INFO] [stdout]     | ----------------------------------------- in this macro invocation
[INFO] [stdout]     |
[INFO] [stdout]     = note: this error originates in a macro (in Nightly builds, run with -Z macro-backtrace for more info)
[INFO] [stdout] 
[INFO] [stdout] 
[INFO] [stdout] error[E0061]: this function takes 2 arguments but 3 arguments were supplied
[INFO] [stdout]    --> src/lib.rs:170:32
[INFO] [stdout]     |
[INFO] [stdout] 170 |                     return Err(io::Error::new(
[INFO] [stdout]     |                                ^^^^^^^^^^^^^^ expected 2 arguments
[INFO] [stdout] 171 |                             io::ErrorKind::WriteZero,
[INFO] [stdout]     |                             ------------------------
[INFO] [stdout] 172 |                             "output buffer must have exactly the same length as the input buffer",
[INFO] [stdout]     |                             ---------------------------------------------------------------------
[INFO] [stdout] 173 |                             None));
[INFO] [stdout]     |                             ---- supplied 3 arguments
[INFO] [stdout] ...
[INFO] [stdout] 221 | endian_impls!(u32, beu32, leu32, 4, "4");
[INFO] [stdout]     | ----------------------------------------- in this macro invocation
[INFO] [stdout]     |
[INFO] [stdout]     = note: this error originates in a macro (in Nightly builds, run with -Z macro-backtrace for more info)
[INFO] [stdout] 
[INFO] [stdout] 
[INFO] [stdout] error[E0061]: this function takes 2 arguments but 3 arguments were supplied
[INFO] [stdout]    --> src/lib.rs:164:32
[INFO] [stdout]     |
[INFO] [stdout] 164 |                     return Err(io::Error::new(
[INFO] [stdout]     |                                ^^^^^^^^^^^^^^ expected 2 arguments
[INFO] [stdout] 165 |                             io::ErrorKind::InvalidInput,
[INFO] [stdout]     |                             ---------------------------
[INFO] [stdout] 166 |                             concat!("input buffer length must be a multiple of ", $sbytes, " bytes"),
[INFO] [stdout]     |                             ------------------------------------------------------------------------
[INFO] [stdout] 167 |                             None));
[INFO] [stdout]     |                             ---- supplied 3 arguments
[INFO] [stdout] ...
[INFO] [stdout] 222 | endian_impls!(u64, beu64, leu64, 8, "8");
[INFO] [stdout]     | ----------------------------------------- in this macro invocation
[INFO] [stdout]     |
[INFO] [stdout]     = note: this error originates in a macro (in Nightly builds, run with -Z macro-backtrace for more info)
[INFO] [stdout] 
[INFO] [stdout] 
[INFO] [stdout] error[E0061]: this function takes 2 arguments but 3 arguments were supplied
[INFO] [stdout]    --> src/lib.rs:106:32
[INFO] [stdout]     |
[INFO] [stdout] 106 |                     return Err(io::Error::new(
[INFO] [stdout]     |                                ^^^^^^^^^^^^^^ expected 2 arguments
[INFO] [stdout] 107 |                             io::ErrorKind::WriteZero,
[INFO] [stdout]     |                             ------------------------
[INFO] [stdout] 108 |                             concat!("output buffer length must be a multiple of ", $sbytes, " bytes"),
[INFO] [stdout]     |                             -------------------------------------------------------------------------
[INFO] [stdout] 109 |                             None));
[INFO] [stdout]     |                             ---- supplied 3 arguments
[INFO] [stdout] ...
[INFO] [stdout] 220 | endian_impls!(u16, beu16, leu16, 2, "2");
[INFO] [stdout]     | ----------------------------------------- in this macro invocation
[INFO] [stdout]     |
[INFO] [stdout]     = note: this error originates in a macro (in Nightly builds, run with -Z macro-backtrace for more info)
[INFO] [stdout] 
[INFO] [stdout] 
[INFO] [stdout] error[E0061]: this function takes 2 arguments but 3 arguments were supplied
[INFO] [stdout]    --> src/lib.rs:170:32
[INFO] [stdout]     |
[INFO] [stdout] 170 |                     return Err(io::Error::new(
[INFO] [stdout]     |                                ^^^^^^^^^^^^^^ expected 2 arguments
[INFO] [stdout] 171 |                             io::ErrorKind::WriteZero,
[INFO] [stdout]     |                             ------------------------
[INFO] [stdout] 172 |                             "output buffer must have exactly the same length as the input buffer",
[INFO] [stdout]     |                             ---------------------------------------------------------------------
[INFO] [stdout] 173 |                             None));
[INFO] [stdout]     |                             ---- supplied 3 arguments
[INFO] [stdout] ...
[INFO] [stdout] 222 | endian_impls!(u64, beu64, leu64, 8, "8");
[INFO] [stdout]     | ----------------------------------------- in this macro invocation
[INFO] [stdout]     |
[INFO] [stdout]     = note: this error originates in a macro (in Nightly builds, run with -Z macro-backtrace for more info)
[INFO] [stdout] 
[INFO] [stdout] 
[INFO] [stdout] error[E0061]: this function takes 2 arguments but 3 arguments were supplied
[INFO] [stdout]    --> src/lib.rs:112:32
[INFO] [stdout]     |
[INFO] [stdout] 112 |                     return Err(io::Error::new(
[INFO] [stdout]     |                                ^^^^^^^^^^^^^^ expected 2 arguments
[INFO] [stdout] 113 |                             io::ErrorKind::InvalidInput,
[INFO] [stdout]     |                             ---------------------------
[INFO] [stdout] 114 |                             "input buffer must have exactly the same length as the output buffer",
[INFO] [stdout]     |                             ---------------------------------------------------------------------
[INFO] [stdout] 115 |                             None));
[INFO] [stdout]     |                             ---- supplied 3 arguments
[INFO] [stdout] ...
[INFO] [stdout] 220 | endian_impls!(u16, beu16, leu16, 2, "2");
[INFO] [stdout]     | ----------------------------------------- in this macro invocation
[INFO] [stdout]     |
[INFO] [stdout]     = note: this error originates in a macro (in Nightly builds, run with -Z macro-backtrace for more info)
[INFO] [stdout] 
[INFO] [stdout] 
[INFO] [stdout] error[E0061]: this function takes 2 arguments but 3 arguments were supplied
[INFO] [stdout]    --> src/lib.rs:183:32
[INFO] [stdout]     |
[INFO] [stdout] 183 |                     return Err(io::Error::new(
[INFO] [stdout]     |                                ^^^^^^^^^^^^^^ expected 2 arguments
[INFO] [stdout] 184 |                             io::ErrorKind::InvalidInput,
[INFO] [stdout]     |                             ---------------------------
[INFO] [stdout] 185 |                             concat!("input buffer length must be a multiple of ", $sbytes, " bytes"),
[INFO] [stdout]     |                             ------------------------------------------------------------------------
[INFO] [stdout] 186 |                             None));
[INFO] [stdout]     |                             ---- supplied 3 arguments
[INFO] [stdout] ...
[INFO] [stdout] 220 | endian_impls!(u16, beu16, leu16, 2, "2");
[INFO] [stdout]     | ----------------------------------------- in this macro invocation
[INFO] [stdout]     |
[INFO] [stdout]     = note: this error originates in a macro (in Nightly builds, run with -Z macro-backtrace for more info)
[INFO] [stdout] 
[INFO] [stdout] 
[INFO] [stdout] error[E0061]: this function takes 2 arguments but 3 arguments were supplied
[INFO] [stdout]    --> src/lib.rs:106:32
[INFO] [stdout]     |
[INFO] [stdout] 106 |                     return Err(io::Error::new(
[INFO] [stdout]     |                                ^^^^^^^^^^^^^^ expected 2 arguments
[INFO] [stdout] 107 |                             io::ErrorKind::WriteZero,
[INFO] [stdout]     |                             ------------------------
[INFO] [stdout] 108 |                             concat!("output buffer length must be a multiple of ", $sbytes, " bytes"),
[INFO] [stdout]     |                             -------------------------------------------------------------------------
[INFO] [stdout] 109 |                             None));
[INFO] [stdout]     |                             ---- supplied 3 arguments
[INFO] [stdout] ...
[INFO] [stdout] 221 | endian_impls!(u32, beu32, leu32, 4, "4");
[INFO] [stdout]     | ----------------------------------------- in this macro invocation
[INFO] [stdout]     |
[INFO] [stdout]     = note: this error originates in a macro (in Nightly builds, run with -Z macro-backtrace for more info)
[INFO] [stdout] 
[INFO] [stdout] 
[INFO] [stdout] error[E0061]: this function takes 2 arguments but 3 arguments were supplied
[INFO] [stdout]    --> src/lib.rs:112:32
[INFO] [stdout]     |
[INFO] [stdout] 112 |                     return Err(io::Error::new(
[INFO] [stdout]     |                                ^^^^^^^^^^^^^^ expected 2 arguments
[INFO] [stdout] 113 |                             io::ErrorKind::InvalidInput,
[INFO] [stdout]     |                             ---------------------------
[INFO] [stdout] 114 |                             "input buffer must have exactly the same length as the output buffer",
[INFO] [stdout]     |                             ---------------------------------------------------------------------
[INFO] [stdout] 115 |                             None));
[INFO] [stdout]     |                             ---- supplied 3 arguments
[INFO] [stdout] ...
[INFO] [stdout] 221 | endian_impls!(u32, beu32, leu32, 4, "4");
[INFO] [stdout]     | ----------------------------------------- in this macro invocation
[INFO] [stdout]     |
[INFO] [stdout]     = note: this error originates in a macro (in Nightly builds, run with -Z macro-backtrace for more info)
[INFO] [stdout] 
[INFO] [stdout] 
[INFO] [stdout] error[E0061]: this function takes 2 arguments but 3 arguments were supplied
[INFO] [stdout]    --> src/lib.rs:189:32
[INFO] [stdout]     |
[INFO] [stdout] 189 |                     return Err(io::Error::new(
[INFO] [stdout]     |                                ^^^^^^^^^^^^^^ expected 2 arguments
[INFO] [stdout] 190 |                             io::ErrorKind::WriteZero,
[INFO] [stdout]     |                             ------------------------
[INFO] [stdout] 191 |                             "output buffer must be empty",
[INFO] [stdout]     |                             -----------------------------
[INFO] [stdout] 192 |                             None));
[INFO] [stdout]     |                             ---- supplied 3 arguments
[INFO] [stdout] ...
[INFO] [stdout] 220 | endian_impls!(u16, beu16, leu16, 2, "2");
[INFO] [stdout]     | ----------------------------------------- in this macro invocation
[INFO] [stdout]     |
[INFO] [stdout]     = note: this error originates in a macro (in Nightly builds, run with -Z macro-backtrace for more info)
[INFO] [stdout] 
[INFO] [stdout] 
[INFO] [stdout] error[E0061]: this function takes 2 arguments but 3 arguments were supplied
[INFO] [stdout]    --> src/lib.rs:183:32
[INFO] [stdout]     |
[INFO] [stdout] 183 |                     return Err(io::Error::new(
[INFO] [stdout]     |                                ^^^^^^^^^^^^^^ expected 2 arguments
[INFO] [stdout] 184 |                             io::ErrorKind::InvalidInput,
[INFO] [stdout]     |                             ---------------------------
[INFO] [stdout] 185 |                             concat!("input buffer length must be a multiple of ", $sbytes, " bytes"),
[INFO] [stdout]     |                             ------------------------------------------------------------------------
[INFO] [stdout] 186 |                             None));
[INFO] [stdout]     |                             ---- supplied 3 arguments
[INFO] [stdout] ...
[INFO] [stdout] 221 | endian_impls!(u32, beu32, leu32, 4, "4");
[INFO] [stdout]     | ----------------------------------------- in this macro invocation
[INFO] [stdout]     |
[INFO] [stdout]     = note: this error originates in a macro (in Nightly builds, run with -Z macro-backtrace for more info)
[INFO] [stdout] 
[INFO] [stdout] 
[INFO] [stdout] error[E0061]: this function takes 2 arguments but 3 arguments were supplied
[INFO] [stdout]    --> src/lib.rs:106:32
[INFO] [stdout]     |
[INFO] [stdout] 106 |                     return Err(io::Error::new(
[INFO] [stdout]     |                                ^^^^^^^^^^^^^^ expected 2 arguments
[INFO] [stdout] 107 |                             io::ErrorKind::WriteZero,
[INFO] [stdout]     |                             ------------------------
[INFO] [stdout] 108 |                             concat!("output buffer length must be a multiple of ", $sbytes, " bytes"),
[INFO] [stdout]     |                             -------------------------------------------------------------------------
[INFO] [stdout] 109 |                             None));
[INFO] [stdout]     |                             ---- supplied 3 arguments
[INFO] [stdout] ...
[INFO] [stdout] 222 | endian_impls!(u64, beu64, leu64, 8, "8");
[INFO] [stdout]     | ----------------------------------------- in this macro invocation
[INFO] [stdout]     |
[INFO] [stdout]     = note: this error originates in a macro (in Nightly builds, run with -Z macro-backtrace for more info)
[INFO] [stdout] 
[INFO] [stdout] 
[INFO] [stdout] error[E0061]: this function takes 2 arguments but 3 arguments were supplied
[INFO] [stdout]    --> src/lib.rs:112:32
[INFO] [stdout]     |
[INFO] [stdout] 112 |                     return Err(io::Error::new(
[INFO] [stdout]     |                                ^^^^^^^^^^^^^^ expected 2 arguments
[INFO] [stdout] 113 |                             io::ErrorKind::InvalidInput,
[INFO] [stdout]     |                             ---------------------------
[INFO] [stdout] 114 |                             "input buffer must have exactly the same length as the output buffer",
[INFO] [stdout]     |                             ---------------------------------------------------------------------
[INFO] [stdout] 115 |                             None));
[INFO] [stdout]     |                             ---- supplied 3 arguments
[INFO] [stdout] ...
[INFO] [stdout] 222 | endian_impls!(u64, beu64, leu64, 8, "8");
[INFO] [stdout]     | ----------------------------------------- in this macro invocation
[INFO] [stdout]     |
[INFO] [stdout]     = note: this error originates in a macro (in Nightly builds, run with -Z macro-backtrace for more info)
[INFO] [stdout] 
[INFO] [stdout] 
[INFO] [stdout] error[E0061]: this function takes 2 arguments but 3 arguments were supplied
[INFO] [stdout]    --> src/lib.rs:125:32
[INFO] [stdout]     |
[INFO] [stdout] 125 |                     return Err(io::Error::new(
[INFO] [stdout]     |                                ^^^^^^^^^^^^^^ expected 2 arguments
[INFO] [stdout] 126 |                             io::ErrorKind::InvalidInput,
[INFO] [stdout]     |                             ---------------------------
[INFO] [stdout] 127 |                             concat!("input buffer length must be exactly ", $sbytes, " bytes"),
[INFO] [stdout]     |                             ------------------------------------------------------------------
[INFO] [stdout] 128 |                             None));
[INFO] [stdout]     |                             ---- supplied 3 arguments
[INFO] [stdout] ...
[INFO] [stdout] 220 | endian_impls!(u16, beu16, leu16, 2, "2");
[INFO] [stdout]     | ----------------------------------------- in this macro invocation
[INFO] [stdout]     |
[INFO] [stdout]     = note: this error originates in a macro (in Nightly builds, run with -Z macro-backtrace for more info)
[INFO] [stdout] 
[INFO] [stdout] 
[INFO] [stdout] error[E0061]: this function takes 2 arguments but 3 arguments were supplied
[INFO] [stdout]    --> src/lib.rs:189:32
[INFO] [stdout]     |
[INFO] [stdout] 189 |                     return Err(io::Error::new(
[INFO] [stdout]     |                                ^^^^^^^^^^^^^^ expected 2 arguments
[INFO] [stdout] 190 |                             io::ErrorKind::WriteZero,
[INFO] [stdout]     |                             ------------------------
[INFO] [stdout] 191 |                             "output buffer must be empty",
[INFO] [stdout]     |                             -----------------------------
[INFO] [stdout] 192 |                             None));
[INFO] [stdout]     |                             ---- supplied 3 arguments
[INFO] [stdout] ...
[INFO] [stdout] 221 | endian_impls!(u32, beu32, leu32, 4, "4");
[INFO] [stdout]     | ----------------------------------------- in this macro invocation
[INFO] [stdout]     |
[INFO] [stdout]     = note: this error originates in a macro (in Nightly builds, run with -Z macro-backtrace for more info)
[INFO] [stdout] 
[INFO] [stdout] 
[INFO] [stdout] error[E0061]: this function takes 2 arguments but 3 arguments were supplied
[INFO] [stdout]    --> src/lib.rs:125:32
[INFO] [stdout]     |
[INFO] [stdout] 125 |                     return Err(io::Error::new(
[INFO] [stdout]     |                                ^^^^^^^^^^^^^^ expected 2 arguments
[INFO] [stdout] 126 |                             io::ErrorKind::InvalidInput,
[INFO] [stdout]     |                             ---------------------------
[INFO] [stdout] 127 |                             concat!("input buffer length must be exactly ", $sbytes, " bytes"),
[INFO] [stdout]     |                             ------------------------------------------------------------------
[INFO] [stdout] 128 |                             None));
[INFO] [stdout]     |                             ---- supplied 3 arguments
[INFO] [stdout] ...
[INFO] [stdout] 221 | endian_impls!(u32, beu32, leu32, 4, "4");
[INFO] [stdout]     | ----------------------------------------- in this macro invocation
[INFO] [stdout]     |
[INFO] [stdout]     = note: this error originates in a macro (in Nightly builds, run with -Z macro-backtrace for more info)
[INFO] [stdout] 
[INFO] [stdout] 
[INFO] [stdout] error[E0061]: this function takes 2 arguments but 3 arguments were supplied
[INFO] [stdout]    --> src/lib.rs:183:32
[INFO] [stdout]     |
[INFO] [stdout] 183 |                     return Err(io::Error::new(
[INFO] [stdout]     |                                ^^^^^^^^^^^^^^ expected 2 arguments
[INFO] [stdout] 184 |                             io::ErrorKind::InvalidInput,
[INFO] [stdout]     |                             ---------------------------
[INFO] [stdout] 185 |                             concat!("input buffer length must be a multiple of ", $sbytes, " bytes"),
[INFO] [stdout]     |                             ------------------------------------------------------------------------
[INFO] [stdout] 186 |                             None));
[INFO] [stdout]     |                             ---- supplied 3 arguments
[INFO] [stdout] ...
[INFO] [stdout] 222 | endian_impls!(u64, beu64, leu64, 8, "8");
[INFO] [stdout]     | ----------------------------------------- in this macro invocation
[INFO] [stdout]     |
[INFO] [stdout]     = note: this error originates in a macro (in Nightly builds, run with -Z macro-backtrace for more info)
[INFO] [stdout] 
[INFO] [stdout] 
[INFO] [stdout] error[E0061]: this function takes 2 arguments but 3 arguments were supplied
[INFO] [stdout]    --> src/lib.rs:189:32
[INFO] [stdout]     |
[INFO] [stdout] 189 |                     return Err(io::Error::new(
[INFO] [stdout]     |                                ^^^^^^^^^^^^^^ expected 2 arguments
[INFO] [stdout] 190 |                             io::ErrorKind::WriteZero,
[INFO] [stdout]     |                             ------------------------
[INFO] [stdout] 191 |                             "output buffer must be empty",
[INFO] [stdout]     |                             -----------------------------
[INFO] [stdout] 192 |                             None));
[INFO] [stdout]     |                             ---- supplied 3 arguments
[INFO] [stdout] ...
[INFO] [stdout] 222 | endian_impls!(u64, beu64, leu64, 8, "8");
[INFO] [stdout]     | ----------------------------------------- in this macro invocation
[INFO] [stdout]     |
[INFO] [stdout]     = note: this error originates in a macro (in Nightly builds, run with -Z macro-backtrace for more info)
[INFO] [stdout] 
[INFO] [stdout] 
[INFO] [stdout] error[E0061]: this function takes 2 arguments but 3 arguments were supplied
[INFO] [stdout]    --> src/lib.rs:200:32
[INFO] [stdout]     |
[INFO] [stdout] 200 |                     return Err(io::Error::new(
[INFO] [stdout]     |                                ^^^^^^^^^^^^^^ expected 2 arguments
[INFO] [stdout] 201 |                             io::ErrorKind::InvalidInput,
[INFO] [stdout]     |                             ---------------------------
[INFO] [stdout] 202 |                             concat!("input buffer length must be a multiple of ", $sbytes, " bytes"),
[INFO] [stdout]     |                             ------------------------------------------------------------------------
[INFO] [stdout] 203 |                             None));
[INFO] [stdout]     |                             ---- supplied 3 arguments
[INFO] [stdout] ...
[INFO] [stdout] 220 | endian_impls!(u16, beu16, leu16, 2, "2");
[INFO] [stdout]     | ----------------------------------------- in this macro invocation
[INFO] [stdout]     |
[INFO] [stdout]     = note: this error originates in a macro (in Nightly builds, run with -Z macro-backtrace for more info)
[INFO] [stdout] 
[INFO] [stdout] 
[INFO] [stdout] error[E0061]: this function takes 2 arguments but 3 arguments were supplied
[INFO] [stdout]    --> src/lib.rs:125:32
[INFO] [stdout]     |
[INFO] [stdout] 125 |                     return Err(io::Error::new(
[INFO] [stdout]     |                                ^^^^^^^^^^^^^^ expected 2 arguments
[INFO] [stdout] 126 |                             io::ErrorKind::InvalidInput,
[INFO] [stdout]     |                             ---------------------------
[INFO] [stdout] 127 |                             concat!("input buffer length must be exactly ", $sbytes, " bytes"),
[INFO] [stdout]     |                             ------------------------------------------------------------------
[INFO] [stdout] 128 |                             None));
[INFO] [stdout]     |                             ---- supplied 3 arguments
[INFO] [stdout] ...
[INFO] [stdout] 222 | endian_impls!(u64, beu64, leu64, 8, "8");
[INFO] [stdout]     | ----------------------------------------- in this macro invocation
[INFO] [stdout]     |
[INFO] [stdout]     = note: this error originates in a macro (in Nightly builds, run with -Z macro-backtrace for more info)
[INFO] [stdout] 
[INFO] [stdout] 
[INFO] [stdout] error[E0061]: this function takes 2 arguments but 3 arguments were supplied
[INFO] [stdout]    --> src/lib.rs:206:32
[INFO] [stdout]     |
[INFO] [stdout] 206 |                     return Err(io::Error::new(
[INFO] [stdout]     |                                ^^^^^^^^^^^^^^ expected 2 arguments
[INFO] [stdout] 207 |                             io::ErrorKind::WriteZero,
[INFO] [stdout]     |                             ------------------------
[INFO] [stdout] 208 |                             "output buffer must be empty",
[INFO] [stdout]     |                             -----------------------------
[INFO] [stdout] 209 |                             None));
[INFO] [stdout]     |                             ---- supplied 3 arguments
[INFO] [stdout] ...
[INFO] [stdout] 220 | endian_impls!(u16, beu16, leu16, 2, "2");
[INFO] [stdout]     | ----------------------------------------- in this macro invocation
[INFO] [stdout]     |
[INFO] [stdout]     = note: this error originates in a macro (in Nightly builds, run with -Z macro-backtrace for more info)
[INFO] [stdout] 
[INFO] [stdout] 
[INFO] [stdout] error[E0061]: this function takes 2 arguments but 3 arguments were supplied
[INFO] [stdout]    --> src/lib.rs:135:32
[INFO] [stdout]     |
[INFO] [stdout] 135 |                     return Err(io::Error::new(
[INFO] [stdout]     |                                ^^^^^^^^^^^^^^ expected 2 arguments
[INFO] [stdout] 136 |                             io::ErrorKind::InvalidInput,
[INFO] [stdout]     |                             ---------------------------
[INFO] [stdout] 137 |                             concat!("input buffer length must be exactly ", $sbytes, " bytes"),
[INFO] [stdout]     |                             ------------------------------------------------------------------
[INFO] [stdout] 138 |                             None));
[INFO] [stdout]     |                             ---- supplied 3 arguments
[INFO] [stdout] ...
[INFO] [stdout] 220 | endian_impls!(u16, beu16, leu16, 2, "2");
[INFO] [stdout]     | ----------------------------------------- in this macro invocation
[INFO] [stdout]     |
[INFO] [stdout]     = note: this error originates in a macro (in Nightly builds, run with -Z macro-backtrace for more info)
[INFO] [stdout] 
[INFO] [stdout] 
[INFO] [stdout] error[E0061]: this function takes 2 arguments but 3 arguments were supplied
[INFO] [stdout]    --> src/lib.rs:200:32
[INFO] [stdout]     |
[INFO] [stdout] 200 |                     return Err(io::Error::new(
[INFO] [stdout]     |                                ^^^^^^^^^^^^^^ expected 2 arguments
[INFO] [stdout] 201 |                             io::ErrorKind::InvalidInput,
[INFO] [stdout]     |                             ---------------------------
[INFO] [stdout] 202 |                             concat!("input buffer length must be a multiple of ", $sbytes, " bytes"),
[INFO] [stdout]     |                             ------------------------------------------------------------------------
[INFO] [stdout] 203 |                             None));
[INFO] [stdout]     |                             ---- supplied 3 arguments
[INFO] [stdout] ...
[INFO] [stdout] 221 | endian_impls!(u32, beu32, leu32, 4, "4");
[INFO] [stdout]     | ----------------------------------------- in this macro invocation
[INFO] [stdout]     |
[INFO] [stdout]     = note: this error originates in a macro (in Nightly builds, run with -Z macro-backtrace for more info)
[INFO] [stdout] 
[INFO] [stdout] 
[INFO] [stdout] error[E0061]: this function takes 2 arguments but 3 arguments were supplied
[INFO] [stdout]    --> src/lib.rs:206:32
[INFO] [stdout]     |
[INFO] [stdout] 206 |                     return Err(io::Error::new(
[INFO] [stdout]     |                                ^^^^^^^^^^^^^^ expected 2 arguments
[INFO] [stdout] 207 |                             io::ErrorKind::WriteZero,
[INFO] [stdout]     |                             ------------------------
[INFO] [stdout] 208 |                             "output buffer must be empty",
[INFO] [stdout]     |                             -----------------------------
[INFO] [stdout] 209 |                             None));
[INFO] [stdout]     |                             ---- supplied 3 arguments
[INFO] [stdout] ...
[INFO] [stdout] 221 | endian_impls!(u32, beu32, leu32, 4, "4");
[INFO] [stdout]     | ----------------------------------------- in this macro invocation
[INFO] [stdout]     |
[INFO] [stdout]     = note: this error originates in a macro (in Nightly builds, run with -Z macro-backtrace for more info)
[INFO] [stdout] 
[INFO] [stdout] 
[INFO] [stdout] error[E0061]: this function takes 2 arguments but 3 arguments were supplied
[INFO] [stdout]    --> src/lib.rs:200:32
[INFO] [stdout]     |
[INFO] [stdout] 200 |                     return Err(io::Error::new(
[INFO] [stdout]     |                                ^^^^^^^^^^^^^^ expected 2 arguments
[INFO] [stdout] 201 |                             io::ErrorKind::InvalidInput,
[INFO] [stdout]     |                             ---------------------------
[INFO] [stdout] 202 |                             concat!("input buffer length must be a multiple of ", $sbytes, " bytes"),
[INFO] [stdout]     |                             ------------------------------------------------------------------------
[INFO] [stdout] 203 |                             None));
[INFO] [stdout]     |                             ---- supplied 3 arguments
[INFO] [stdout] ...
[INFO] [stdout] 222 | endian_impls!(u64, beu64, leu64, 8, "8");
[INFO] [stdout]     | ----------------------------------------- in this macro invocation
[INFO] [stdout]     |
[INFO] [stdout]     = note: this error originates in a macro (in Nightly builds, run with -Z macro-backtrace for more info)
[INFO] [stdout] 
[INFO] [stdout] 
[INFO] [stdout] error[E0061]: this function takes 2 arguments but 3 arguments were supplied
[INFO] [stdout]    --> src/lib.rs:206:32
[INFO] [stdout]     |
[INFO] [stdout] 206 |                     return Err(io::Error::new(
[INFO] [stdout]     |                                ^^^^^^^^^^^^^^ expected 2 arguments
[INFO] [stdout] 207 |                             io::ErrorKind::WriteZero,
[INFO] [stdout]     |                             ------------------------
[INFO] [stdout] 208 |                             "output buffer must be empty",
[INFO] [stdout]     |                             -----------------------------
[INFO] [stdout] 209 |                             None));
[INFO] [stdout]     |                             ---- supplied 3 arguments
[INFO] [stdout] ...
[INFO] [stdout] 222 | endian_impls!(u64, beu64, leu64, 8, "8");
[INFO] [stdout]     | ----------------------------------------- in this macro invocation
[INFO] [stdout]     |
[INFO] [stdout]     = note: this error originates in a macro (in Nightly builds, run with -Z macro-backtrace for more info)
[INFO] [stdout] 
[INFO] [stdout] 
[INFO] [stdout] error: aborting due to 60 previous errors
[INFO] [stdout] 
[INFO] [stdout] 
[INFO] [stdout] For more information about this error, try `rustc --explain E0061`.
[INFO] [stdout] 
[INFO] [stdout] error[E0061]: this function takes 2 arguments but 3 arguments were supplied
[INFO] [stdout]    --> src/lib.rs:135:32
[INFO] [stdout]     |
[INFO] [stdout] 135 |                     return Err(io::Error::new(
[INFO] [stdout]     |                                ^^^^^^^^^^^^^^ expected 2 arguments
[INFO] [stdout] 136 |                             io::ErrorKind::InvalidInput,
[INFO] [stdout]     |                             ---------------------------
[INFO] [stdout] 137 |                             concat!("input buffer length must be exactly ", $sbytes, " bytes"),
[INFO] [stdout]     |                             ------------------------------------------------------------------
[INFO] [stdout] 138 |                             None));
[INFO] [stdout]     |                             ---- supplied 3 arguments
[INFO] [stdout] ...
[INFO] [stdout] 221 | endian_impls!(u32, beu32, leu32, 4, "4");
[INFO] [stdout]     | ----------------------------------------- in this macro invocation
[INFO] [stdout]     |
[INFO] [stdout]     = note: this error originates in a macro (in Nightly builds, run with -Z macro-backtrace for more info)
[INFO] [stdout] 
[INFO] [stdout] 
[INFO] [stderr] error: could not compile `endian`.
[INFO] [stdout] error[E0061]: this function takes 2 arguments but 3 arguments were supplied
[INFO] [stdout]    --> src/lib.rs:135:32
[INFO] [stdout]     |
[INFO] [stdout] 135 |                     return Err(io::Error::new(
[INFO] [stdout]     |                                ^^^^^^^^^^^^^^ expected 2 arguments
[INFO] [stdout] 136 |                             io::ErrorKind::InvalidInput,
[INFO] [stdout]     |                             ---------------------------
[INFO] [stdout] 137 |                             concat!("input buffer length must be exactly ", $sbytes, " bytes"),
[INFO] [stdout]     |                             ------------------------------------------------------------------
[INFO] [stdout] 138 |                             None));
[INFO] [stdout]     |                             ---- supplied 3 arguments
[INFO] [stdout] ...
[INFO] [stdout] 222 | endian_impls!(u64, beu64, leu64, 8, "8");
[INFO] [stdout]     | ----------------------------------------- in this macro invocation
[INFO] [stdout]     |
[INFO] [stdout]     = note: this error originates in a macro (in Nightly builds, run with -Z macro-backtrace for more info)
[INFO] [stdout] 
[INFO] [stdout] 
[INFO] [stderr] 
[INFO] [stdout] error[E0061]: this function takes 2 arguments but 3 arguments were supplied
[INFO] [stdout]    --> src/lib.rs:148:32
[INFO] [stdout]     |
[INFO] [stdout] 148 |                     return Err(io::Error::new(
[INFO] [stdout]     |                                ^^^^^^^^^^^^^^ expected 2 arguments
[INFO] [stdout] 149 |                             io::ErrorKind::InvalidInput,
[INFO] [stdout]     |                             ---------------------------
[INFO] [stdout] 150 |                             concat!("input buffer length must be a multiple of ", $sbytes, " bytes"),
[INFO] [stdout]     |                             ------------------------------------------------------------------------
[INFO] [stdout] 151 |                             None));
[INFO] [stdout]     |                             ---- supplied 3 arguments
[INFO] [stdout] ...
[INFO] [stdout] 220 | endian_impls!(u16, beu16, leu16, 2, "2");
[INFO] [stdout]     | ----------------------------------------- in this macro invocation
[INFO] [stdout]     |
[INFO] [stdout]     = note: this error originates in a macro (in Nightly builds, run with -Z macro-backtrace for more info)
[INFO] [stdout] 
[INFO] [stdout] 
[INFO] [stderr] To learn more, run the command again with --verbose.
[INFO] [stderr] warning: build failed, waiting for other jobs to finish...
[INFO] [stdout] error[E0061]: this function takes 2 arguments but 3 arguments were supplied
[INFO] [stdout]    --> src/lib.rs:154:32
[INFO] [stdout]     |
[INFO] [stdout] 154 |                     return Err(io::Error::new(
[INFO] [stdout]     |                                ^^^^^^^^^^^^^^ expected 2 arguments
[INFO] [stdout] 155 |                             io::ErrorKind::WriteZero,
[INFO] [stdout]     |                             ------------------------
[INFO] [stdout] 156 |                             "output buffer must have exactly the same length as the input buffer",
[INFO] [stdout]     |                             ---------------------------------------------------------------------
[INFO] [stdout] 157 |                             None));
[INFO] [stdout]     |                             ---- supplied 3 arguments
[INFO] [stdout] ...
[INFO] [stdout] 220 | endian_impls!(u16, beu16, leu16, 2, "2");
[INFO] [stdout]     | ----------------------------------------- in this macro invocation
[INFO] [stdout]     |
[INFO] [stdout]     = note: this error originates in a macro (in Nightly builds, run with -Z macro-backtrace for more info)
[INFO] [stdout] 
[INFO] [stdout] 
[INFO] [stdout] error[E0061]: this function takes 2 arguments but 3 arguments were supplied
[INFO] [stdout]    --> src/lib.rs:148:32
[INFO] [stdout]     |
[INFO] [stdout] 148 |                     return Err(io::Error::new(
[INFO] [stdout]     |                                ^^^^^^^^^^^^^^ expected 2 arguments
[INFO] [stdout] 149 |                             io::ErrorKind::InvalidInput,
[INFO] [stdout]     |                             ---------------------------
[INFO] [stdout] 150 |                             concat!("input buffer length must be a multiple of ", $sbytes, " bytes"),
[INFO] [stdout]     |                             ------------------------------------------------------------------------
[INFO] [stdout] 151 |                             None));
[INFO] [stdout]     |                             ---- supplied 3 arguments
[INFO] [stdout] ...
[INFO] [stdout] 221 | endian_impls!(u32, beu32, leu32, 4, "4");
[INFO] [stdout]     | ----------------------------------------- in this macro invocation
[INFO] [stdout]     |
[INFO] [stdout]     = note: this error originates in a macro (in Nightly builds, run with -Z macro-backtrace for more info)
[INFO] [stdout] 
[INFO] [stdout] 
[INFO] [stdout] error[E0061]: this function takes 2 arguments but 3 arguments were supplied
[INFO] [stdout]    --> src/lib.rs:154:32
[INFO] [stdout]     |
[INFO] [stdout] 154 |                     return Err(io::Error::new(
[INFO] [stdout]     |                                ^^^^^^^^^^^^^^ expected 2 arguments
[INFO] [stdout] 155 |                             io::ErrorKind::WriteZero,
[INFO] [stdout]     |                             ------------------------
[INFO] [stdout] 156 |                             "output buffer must have exactly the same length as the input buffer",
[INFO] [stdout]     |                             ---------------------------------------------------------------------
[INFO] [stdout] 157 |                             None));
[INFO] [stdout]     |                             ---- supplied 3 arguments
[INFO] [stdout] ...
[INFO] [stdout] 221 | endian_impls!(u32, beu32, leu32, 4, "4");
[INFO] [stdout]     | ----------------------------------------- in this macro invocation
[INFO] [stdout]     |
[INFO] [stdout]     = note: this error originates in a macro (in Nightly builds, run with -Z macro-backtrace for more info)
[INFO] [stdout] 
[INFO] [stdout] 
[INFO] [stdout] error[E0061]: this function takes 2 arguments but 3 arguments were supplied
[INFO] [stdout]    --> src/lib.rs:148:32
[INFO] [stdout]     |
[INFO] [stdout] 148 |                     return Err(io::Error::new(
[INFO] [stdout]     |                                ^^^^^^^^^^^^^^ expected 2 arguments
[INFO] [stdout] 149 |                             io::ErrorKind::InvalidInput,
[INFO] [stdout]     |                             ---------------------------
[INFO] [stdout] 150 |                             concat!("input buffer length must be a multiple of ", $sbytes, " bytes"),
[INFO] [stdout]     |                             ------------------------------------------------------------------------
[INFO] [stdout] 151 |                             None));
[INFO] [stdout]     |                             ---- supplied 3 arguments
[INFO] [stdout] ...
[INFO] [stdout] 222 | endian_impls!(u64, beu64, leu64, 8, "8");
[INFO] [stdout]     | ----------------------------------------- in this macro invocation
[INFO] [stdout]     |
[INFO] [stdout]     = note: this error originates in a macro (in Nightly builds, run with -Z macro-backtrace for more info)
[INFO] [stdout] 
[INFO] [stdout] 
[INFO] [stdout] error[E0061]: this function takes 2 arguments but 3 arguments were supplied
[INFO] [stdout]    --> src/lib.rs:154:32
[INFO] [stdout]     |
[INFO] [stdout] 154 |                     return Err(io::Error::new(
[INFO] [stdout]     |                                ^^^^^^^^^^^^^^ expected 2 arguments
[INFO] [stdout] 155 |                             io::ErrorKind::WriteZero,
[INFO] [stdout]     |                             ------------------------
[INFO] [stdout] 156 |                             "output buffer must have exactly the same length as the input buffer",
[INFO] [stdout]     |                             ---------------------------------------------------------------------
[INFO] [stdout] 157 |                             None));
[INFO] [stdout]     |                             ---- supplied 3 arguments
[INFO] [stdout] ...
[INFO] [stdout] 222 | endian_impls!(u64, beu64, leu64, 8, "8");
[INFO] [stdout]     | ----------------------------------------- in this macro invocation
[INFO] [stdout]     |
[INFO] [stdout]     = note: this error originates in a macro (in Nightly builds, run with -Z macro-backtrace for more info)
[INFO] [stdout] 
[INFO] [stdout] 
[INFO] [stdout] error[E0061]: this function takes 2 arguments but 3 arguments were supplied
[INFO] [stdout]    --> src/lib.rs:164:32
[INFO] [stdout]     |
[INFO] [stdout] 164 |                     return Err(io::Error::new(
[INFO] [stdout]     |                                ^^^^^^^^^^^^^^ expected 2 arguments
[INFO] [stdout] 165 |                             io::ErrorKind::InvalidInput,
[INFO] [stdout]     |                             ---------------------------
[INFO] [stdout] 166 |                             concat!("input buffer length must be a multiple of ", $sbytes, " bytes"),
[INFO] [stdout]     |                             ------------------------------------------------------------------------
[INFO] [stdout] 167 |                             None));
[INFO] [stdout]     |                             ---- supplied 3 arguments
[INFO] [stdout] ...
[INFO] [stdout] 220 | endian_impls!(u16, beu16, leu16, 2, "2");
[INFO] [stdout]     | ----------------------------------------- in this macro invocation
[INFO] [stdout]     |
[INFO] [stdout]     = note: this error originates in a macro (in Nightly builds, run with -Z macro-backtrace for more info)
[INFO] [stdout] 
[INFO] [stdout] 
[INFO] [stdout] error[E0061]: this function takes 2 arguments but 3 arguments were supplied
[INFO] [stdout]    --> src/lib.rs:170:32
[INFO] [stdout]     |
[INFO] [stdout] 170 |                     return Err(io::Error::new(
[INFO] [stdout]     |                                ^^^^^^^^^^^^^^ expected 2 arguments
[INFO] [stdout] 171 |                             io::ErrorKind::WriteZero,
[INFO] [stdout]     |                             ------------------------
[INFO] [stdout] 172 |                             "output buffer must have exactly the same length as the input buffer",
[INFO] [stdout]     |                             ---------------------------------------------------------------------
[INFO] [stdout] 173 |                             None));
[INFO] [stdout]     |                             ---- supplied 3 arguments
[INFO] [stdout] ...
[INFO] [stdout] 220 | endian_impls!(u16, beu16, leu16, 2, "2");
[INFO] [stdout]     | ----------------------------------------- in this macro invocation
[INFO] [stdout]     |
[INFO] [stdout]     = note: this error originates in a macro (in Nightly builds, run with -Z macro-backtrace for more info)
[INFO] [stdout] 
[INFO] [stdout] 
[INFO] [stdout] error[E0061]: this function takes 2 arguments but 3 arguments were supplied
[INFO] [stdout]    --> src/lib.rs:164:32
[INFO] [stdout]     |
[INFO] [stdout] 164 |                     return Err(io::Error::new(
[INFO] [stdout]     |                                ^^^^^^^^^^^^^^ expected 2 arguments
[INFO] [stdout] 165 |                             io::ErrorKind::InvalidInput,
[INFO] [stdout]     |                             ---------------------------
[INFO] [stdout] 166 |                             concat!("input buffer length must be a multiple of ", $sbytes, " bytes"),
[INFO] [stdout]     |                             ------------------------------------------------------------------------
[INFO] [stdout] 167 |                             None));
[INFO] [stdout]     |                             ---- supplied 3 arguments
[INFO] [stdout] ...
[INFO] [stdout] 221 | endian_impls!(u32, beu32, leu32, 4, "4");
[INFO] [stdout]     | ----------------------------------------- in this macro invocation
[INFO] [stdout]     |
[INFO] [stdout]     = note: this error originates in a macro (in Nightly builds, run with -Z macro-backtrace for more info)
[INFO] [stdout] 
[INFO] [stdout] 
[INFO] [stdout] error[E0061]: this function takes 2 arguments but 3 arguments were supplied
[INFO] [stdout]    --> src/lib.rs:170:32
[INFO] [stdout]     |
[INFO] [stdout] 170 |                     return Err(io::Error::new(
[INFO] [stdout]     |                                ^^^^^^^^^^^^^^ expected 2 arguments
[INFO] [stdout] 171 |                             io::ErrorKind::WriteZero,
[INFO] [stdout]     |                             ------------------------
[INFO] [stdout] 172 |                             "output buffer must have exactly the same length as the input buffer",
[INFO] [stdout]     |                             ---------------------------------------------------------------------
[INFO] [stdout] 173 |                             None));
[INFO] [stdout]     |                             ---- supplied 3 arguments
[INFO] [stdout] ...
[INFO] [stdout] 221 | endian_impls!(u32, beu32, leu32, 4, "4");
[INFO] [stdout]     | ----------------------------------------- in this macro invocation
[INFO] [stdout]     |
[INFO] [stdout]     = note: this error originates in a macro (in Nightly builds, run with -Z macro-backtrace for more info)
[INFO] [stdout] 
[INFO] [stdout] 
[INFO] [stdout] error[E0061]: this function takes 2 arguments but 3 arguments were supplied
[INFO] [stdout]    --> src/lib.rs:164:32
[INFO] [stdout]     |
[INFO] [stdout] 164 |                     return Err(io::Error::new(
[INFO] [stdout]     |                                ^^^^^^^^^^^^^^ expected 2 arguments
[INFO] [stdout] 165 |                             io::ErrorKind::InvalidInput,
[INFO] [stdout]     |                             ---------------------------
[INFO] [stdout] 166 |                             concat!("input buffer length must be a multiple of ", $sbytes, " bytes"),
[INFO] [stdout]     |                             ------------------------------------------------------------------------
[INFO] [stdout] 167 |                             None));
[INFO] [stdout]     |                             ---- supplied 3 arguments
[INFO] [stdout] ...
[INFO] [stdout] 222 | endian_impls!(u64, beu64, leu64, 8, "8");
[INFO] [stdout]     | ----------------------------------------- in this macro invocation
[INFO] [stdout]     |
[INFO] [stdout]     = note: this error originates in a macro (in Nightly builds, run with -Z macro-backtrace for more info)
[INFO] [stdout] 
[INFO] [stdout] 
[INFO] [stdout] error[E0061]: this function takes 2 arguments but 3 arguments were supplied
[INFO] [stdout]    --> src/lib.rs:170:32
[INFO] [stdout]     |
[INFO] [stdout] 170 |                     return Err(io::Error::new(
[INFO] [stdout]     |                                ^^^^^^^^^^^^^^ expected 2 arguments
[INFO] [stdout] 171 |                             io::ErrorKind::WriteZero,
[INFO] [stdout]     |                             ------------------------
[INFO] [stdout] 172 |                             "output buffer must have exactly the same length as the input buffer",
[INFO] [stdout]     |                             ---------------------------------------------------------------------
[INFO] [stdout] 173 |                             None));
[INFO] [stdout]     |                             ---- supplied 3 arguments
[INFO] [stdout] ...
[INFO] [stdout] 222 | endian_impls!(u64, beu64, leu64, 8, "8");
[INFO] [stdout]     | ----------------------------------------- in this macro invocation
[INFO] [stdout]     |
[INFO] [stdout]     = note: this error originates in a macro (in Nightly builds, run with -Z macro-backtrace for more info)
[INFO] [stdout] 
[INFO] [stdout] 
[INFO] [stdout] error[E0061]: this function takes 2 arguments but 3 arguments were supplied
[INFO] [stdout]    --> src/lib.rs:183:32
[INFO] [stdout]     |
[INFO] [stdout] 183 |                     return Err(io::Error::new(
[INFO] [stdout]     |                                ^^^^^^^^^^^^^^ expected 2 arguments
[INFO] [stdout] 184 |                             io::ErrorKind::InvalidInput,
[INFO] [stdout]     |                             ---------------------------
[INFO] [stdout] 185 |                             concat!("input buffer length must be a multiple of ", $sbytes, " bytes"),
[INFO] [stdout]     |                             ------------------------------------------------------------------------
[INFO] [stdout] 186 |                             None));
[INFO] [stdout]     |                             ---- supplied 3 arguments
[INFO] [stdout] ...
[INFO] [stdout] 220 | endian_impls!(u16, beu16, leu16, 2, "2");
[INFO] [stdout]     | ----------------------------------------- in this macro invocation
[INFO] [stdout]     |
[INFO] [stdout]     = note: this error originates in a macro (in Nightly builds, run with -Z macro-backtrace for more info)
[INFO] [stdout] 
[INFO] [stdout] 
[INFO] [stdout] error[E0061]: this function takes 2 arguments but 3 arguments were supplied
[INFO] [stdout]    --> src/lib.rs:189:32
[INFO] [stdout]     |
[INFO] [stdout] 189 |                     return Err(io::Error::new(
[INFO] [stdout]     |                                ^^^^^^^^^^^^^^ expected 2 arguments
[INFO] [stdout] 190 |                             io::ErrorKind::WriteZero,
[INFO] [stdout]     |                             ------------------------
[INFO] [stdout] 191 |                             "output buffer must be empty",
[INFO] [stdout]     |                             -----------------------------
[INFO] [stdout] 192 |                             None));
[INFO] [stdout]     |                             ---- supplied 3 arguments
[INFO] [stdout] ...
[INFO] [stdout] 220 | endian_impls!(u16, beu16, leu16, 2, "2");
[INFO] [stdout]     | ----------------------------------------- in this macro invocation
[INFO] [stdout]     |
[INFO] [stdout]     = note: this error originates in a macro (in Nightly builds, run with -Z macro-backtrace for more info)
[INFO] [stdout] 
[INFO] [stdout] 
[INFO] [stdout] error[E0061]: this function takes 2 arguments but 3 arguments were supplied
[INFO] [stdout]    --> src/lib.rs:183:32
[INFO] [stdout]     |
[INFO] [stdout] 183 |                     return Err(io::Error::new(
[INFO] [stdout]     |                                ^^^^^^^^^^^^^^ expected 2 arguments
[INFO] [stdout] 184 |                             io::ErrorKind::InvalidInput,
[INFO] [stdout]     |                             ---------------------------
[INFO] [stdout] 185 |                             concat!("input buffer length must be a multiple of ", $sbytes, " bytes"),
[INFO] [stdout]     |                             ------------------------------------------------------------------------
[INFO] [stdout] 186 |                             None));
[INFO] [stdout]     |                             ---- supplied 3 arguments
[INFO] [stdout] ...
[INFO] [stdout] 221 | endian_impls!(u32, beu32, leu32, 4, "4");
[INFO] [stdout]     | ----------------------------------------- in this macro invocation
[INFO] [stdout]     |
[INFO] [stdout]     = note: this error originates in a macro (in Nightly builds, run with -Z macro-backtrace for more info)
[INFO] [stdout] 
[INFO] [stdout] 
[INFO] [stdout] error[E0061]: this function takes 2 arguments but 3 arguments were supplied
[INFO] [stdout]    --> src/lib.rs:189:32
[INFO] [stdout]     |
[INFO] [stdout] 189 |                     return Err(io::Error::new(
[INFO] [stdout]     |                                ^^^^^^^^^^^^^^ expected 2 arguments
[INFO] [stdout] 190 |                             io::ErrorKind::WriteZero,
[INFO] [stdout]     |                             ------------------------
[INFO] [stdout] 191 |                             "output buffer must be empty",
[INFO] [stdout]     |                             -----------------------------
[INFO] [stdout] 192 |                             None));
[INFO] [stdout]     |                             ---- supplied 3 arguments
[INFO] [stdout] ...
[INFO] [stdout] 221 | endian_impls!(u32, beu32, leu32, 4, "4");
[INFO] [stdout]     | ----------------------------------------- in this macro invocation
[INFO] [stdout]     |
[INFO] [stdout]     = note: this error originates in a macro (in Nightly builds, run with -Z macro-backtrace for more info)
[INFO] [stdout] 
[INFO] [stdout] 
[INFO] [stdout] error[E0061]: this function takes 2 arguments but 3 arguments were supplied
[INFO] [stdout]    --> src/lib.rs:183:32
[INFO] [stdout]     |
[INFO] [stdout] 183 |                     return Err(io::Error::new(
[INFO] [stdout]     |                                ^^^^^^^^^^^^^^ expected 2 arguments
[INFO] [stdout] 184 |                             io::ErrorKind::InvalidInput,
[INFO] [stdout]     |                             ---------------------------
[INFO] [stdout] 185 |                             concat!("input buffer length must be a multiple of ", $sbytes, " bytes"),
[INFO] [stdout]     |                             ------------------------------------------------------------------------
[INFO] [stdout] 186 |                             None));
[INFO] [stdout]     |                             ---- supplied 3 arguments
[INFO] [stdout] ...
[INFO] [stdout] 222 | endian_impls!(u64, beu64, leu64, 8, "8");
[INFO] [stdout]     | ----------------------------------------- in this macro invocation
[INFO] [stdout]     |
[INFO] [stdout]     = note: this error originates in a macro (in Nightly builds, run with -Z macro-backtrace for more info)
[INFO] [stdout] 
[INFO] [stdout] 
[INFO] [stdout] error[E0061]: this function takes 2 arguments but 3 arguments were supplied
[INFO] [stdout]    --> src/lib.rs:189:32
[INFO] [stdout]     |
[INFO] [stdout] 189 |                     return Err(io::Error::new(
[INFO] [stdout]     |                                ^^^^^^^^^^^^^^ expected 2 arguments
[INFO] [stdout] 190 |                             io::ErrorKind::WriteZero,
[INFO] [stdout]     |                             ------------------------
[INFO] [stdout] 191 |                             "output buffer must be empty",
[INFO] [stdout]     |                             -----------------------------
[INFO] [stdout] 192 |                             None));
[INFO] [stdout]     |                             ---- supplied 3 arguments
[INFO] [stdout] ...
[INFO] [stdout] 222 | endian_impls!(u64, beu64, leu64, 8, "8");
[INFO] [stdout]     | ----------------------------------------- in this macro invocation
[INFO] [stdout]     |
[INFO] [stdout]     = note: this error originates in a macro (in Nightly builds, run with -Z macro-backtrace for more info)
[INFO] [stdout] 
[INFO] [stdout] 
[INFO] [stdout] error[E0061]: this function takes 2 arguments but 3 arguments were supplied
[INFO] [stdout]    --> src/lib.rs:200:32
[INFO] [stdout]     |
[INFO] [stdout] 200 |                     return Err(io::Error::new(
[INFO] [stdout]     |                                ^^^^^^^^^^^^^^ expected 2 arguments
[INFO] [stdout] 201 |                             io::ErrorKind::InvalidInput,
[INFO] [stdout]     |                             ---------------------------
[INFO] [stdout] 202 |                             concat!("input buffer length must be a multiple of ", $sbytes, " bytes"),
[INFO] [stdout]     |                             ------------------------------------------------------------------------
[INFO] [stdout] 203 |                             None));
[INFO] [stdout]     |                             ---- supplied 3 arguments
[INFO] [stdout] ...
[INFO] [stdout] 220 | endian_impls!(u16, beu16, leu16, 2, "2");
[INFO] [stdout]     | ----------------------------------------- in this macro invocation
[INFO] [stdout]     |
[INFO] [stdout]     = note: this error originates in a macro (in Nightly builds, run with -Z macro-backtrace for more info)
[INFO] [stdout] 
[INFO] [stdout] 
[INFO] [stdout] error[E0061]: this function takes 2 arguments but 3 arguments were supplied
[INFO] [stdout]    --> src/lib.rs:206:32
[INFO] [stdout]     |
[INFO] [stdout] 206 |                     return Err(io::Error::new(
[INFO] [stdout]     |                                ^^^^^^^^^^^^^^ expected 2 arguments
[INFO] [stdout] 207 |                             io::ErrorKind::WriteZero,
[INFO] [stdout]     |                             ------------------------
[INFO] [stdout] 208 |                             "output buffer must be empty",
[INFO] [stdout]     |                             -----------------------------
[INFO] [stdout] 209 |                             None));
[INFO] [stdout]     |                             ---- supplied 3 arguments
[INFO] [stdout] ...
[INFO] [stdout] 220 | endian_impls!(u16, beu16, leu16, 2, "2");
[INFO] [stdout]     | ----------------------------------------- in this macro invocation
[INFO] [stdout]     |
[INFO] [stdout]     = note: this error originates in a macro (in Nightly builds, run with -Z macro-backtrace for more info)
[INFO] [stdout] 
[INFO] [stdout] 
[INFO] [stdout] error[E0061]: this function takes 2 arguments but 3 arguments were supplied
[INFO] [stdout]    --> src/lib.rs:200:32
[INFO] [stdout]     |
[INFO] [stdout] 200 |                     return Err(io::Error::new(
[INFO] [stdout]     |                                ^^^^^^^^^^^^^^ expected 2 arguments
[INFO] [stdout] 201 |                             io::ErrorKind::InvalidInput,
[INFO] [stdout]     |                             ---------------------------
[INFO] [stdout] 202 |                             concat!("input buffer length must be a multiple of ", $sbytes, " bytes"),
[INFO] [stdout]     |                             ------------------------------------------------------------------------
[INFO] [stdout] 203 |                             None));
[INFO] [stdout]     |                             ---- supplied 3 arguments
[INFO] [stdout] ...
[INFO] [stdout] 221 | endian_impls!(u32, beu32, leu32, 4, "4");
[INFO] [stdout]     | ----------------------------------------- in this macro invocation
[INFO] [stdout]     |
[INFO] [stdout]     = note: this error originates in a macro (in Nightly builds, run with -Z macro-backtrace for more info)
[INFO] [stdout] 
[INFO] [stdout] 
[INFO] [stdout] error[E0061]: this function takes 2 arguments but 3 arguments were supplied
[INFO] [stdout]    --> src/lib.rs:206:32
[INFO] [stdout]     |
[INFO] [stdout] 206 |                     return Err(io::Error::new(
[INFO] [stdout]     |                                ^^^^^^^^^^^^^^ expected 2 arguments
[INFO] [stdout] 207 |                             io::ErrorKind::WriteZero,
[INFO] [stdout]     |                             ------------------------
[INFO] [stdout] 208 |                             "output buffer must be empty",
[INFO] [stdout]     |                             -----------------------------
[INFO] [stdout] 209 |                             None));
[INFO] [stdout]     |                             ---- supplied 3 arguments
[INFO] [stdout] ...
[INFO] [stdout] 221 | endian_impls!(u32, beu32, leu32, 4, "4");
[INFO] [stdout]     | ----------------------------------------- in this macro invocation
[INFO] [stdout]     |
[INFO] [stdout]     = note: this error originates in a macro (in Nightly builds, run with -Z macro-backtrace for more info)
[INFO] [stdout] 
[INFO] [stdout] 
[INFO] [stdout] error[E0061]: this function takes 2 arguments but 3 arguments were supplied
[INFO] [stdout]    --> src/lib.rs:200:32
[INFO] [stdout]     |
[INFO] [stdout] 200 |                     return Err(io::Error::new(
[INFO] [stdout]     |                                ^^^^^^^^^^^^^^ expected 2 arguments
[INFO] [stdout] 201 |                             io::ErrorKind::InvalidInput,
[INFO] [stdout]     |                             ---------------------------
[INFO] [stdout] 202 |                             concat!("input buffer length must be a multiple of ", $sbytes, " bytes"),
[INFO] [stdout]     |                             ------------------------------------------------------------------------
[INFO] [stdout] 203 |                             None));
[INFO] [stdout]     |                             ---- supplied 3 arguments
[INFO] [stdout] ...
[INFO] [stdout] 222 | endian_impls!(u64, beu64, leu64, 8, "8");
[INFO] [stdout]     | ----------------------------------------- in this macro invocation
[INFO] [stdout]     |
[INFO] [stdout]     = note: this error originates in a macro (in Nightly builds, run with -Z macro-backtrace for more info)
[INFO] [stdout] 
[INFO] [stdout] 
[INFO] [stdout] error[E0061]: this function takes 2 arguments but 3 arguments were supplied
[INFO] [stdout]    --> src/lib.rs:206:32
[INFO] [stdout]     |
[INFO] [stdout] 206 |                     return Err(io::Error::new(
[INFO] [stdout]     |                                ^^^^^^^^^^^^^^ expected 2 arguments
[INFO] [stdout] 207 |                             io::ErrorKind::WriteZero,
[INFO] [stdout]     |                             ------------------------
[INFO] [stdout] 208 |                             "output buffer must be empty",
[INFO] [stdout]     |                             -----------------------------
[INFO] [stdout] 209 |                             None));
[INFO] [stdout]     |                             ---- supplied 3 arguments
[INFO] [stdout] ...
[INFO] [stdout] 222 | endian_impls!(u64, beu64, leu64, 8, "8");
[INFO] [stdout]     | ----------------------------------------- in this macro invocation
[INFO] [stdout]     |
[INFO] [stdout]     = note: this error originates in a macro (in Nightly builds, run with -Z macro-backtrace for more info)
[INFO] [stdout] 
[INFO] [stdout] 
[INFO] [stderr] error: build failed
[INFO] [stdout] error: aborting due to 60 previous errors
[INFO] [stdout] 
[INFO] [stdout] 
[INFO] [stdout] For more information about this error, try `rustc --explain E0061`.
[INFO] [stdout] 
[INFO] running `Command { std: "docker" "inspect" "1a942ca46c6d721d10ca334b85e74f6dcf412e846e604209bd94b619d00d8905", kill_on_drop: false }`
[INFO] running `Command { std: "docker" "rm" "-f" "1a942ca46c6d721d10ca334b85e74f6dcf412e846e604209bd94b619d00d8905", kill_on_drop: false }`
[INFO] [stdout] 1a942ca46c6d721d10ca334b85e74f6dcf412e846e604209bd94b619d00d8905
